Last updated on 2025-10-30 05:51:09 CET.
| Flavor | Version | Tinstall | Tcheck | Ttotal | Status | Flags | 
|---|---|---|---|---|---|---|
| r-devel-linux-x86_64-debian-clang | 1.1 | 3.49 | 34.17 | 37.66 | NOTE | |
| r-devel-linux-x86_64-debian-gcc | 1.1 | 2.80 | 25.86 | 28.66 | NOTE | |
| r-devel-linux-x86_64-fedora-clang | 1.1 | 10.00 | 49.18 | 59.18 | OK | |
| r-devel-linux-x86_64-fedora-gcc | 1.1 | 54.66 | OK | |||
| r-devel-windows-x86_64 | 1.1 | 6.00 | 50.00 | 56.00 | OK | |
| r-patched-linux-x86_64 | 1.1 | 4.06 | 32.11 | 36.17 | OK | |
| r-release-linux-x86_64 | 1.1 | 3.38 | 32.21 | 35.59 | OK | |
| r-release-macos-arm64 | 1.1 | 2.00 | 20.00 | 22.00 | OK | |
| r-release-macos-x86_64 | 1.1 | 3.00 | 31.00 | 34.00 | OK | |
| r-release-windows-x86_64 | 1.1 | 5.00 | 53.00 | 58.00 | OK | |
| r-oldrel-macos-arm64 | 1.1 | 2.00 | 17.00 | 19.00 | OK | |
| r-oldrel-macos-x86_64 | 1.1 | 3.00 | 26.00 | 29.00 | OK | |
| r-oldrel-windows-x86_64 | 1.1 | 6.00 | 50.00 | 56.00 | OK | 
Version: 1.1
Check: CRAN incoming feasibility
Result: NOTE
  Maintainer: ‘Wim Van der Elst <Wim.vanderelst@gmail.com>’
  
  No Authors@R field in DESCRIPTION.
  Please add one, modifying
    Authors@R: c(person(given = "Wim",
                        family = "Van der Elst",
                        role = c("aut", "cre"),
                        email = "wim.vanderelst@gmail.com"),
                 person(given = c("Ariel", "Alonso", "&", "Geert"),
                        family = "Molenberghs",
                        role = "aut"))
  as necessary.
Flavors: r-devel-linux-x86_64-debian-clang, r-devel-linux-x86_64-debian-gcc