Last updated on 2025-05-22 05:51:00 CEST.
Flavor | Version | Tinstall | Tcheck | Ttotal | Status | Flags |
---|---|---|---|---|---|---|
r-devel-linux-x86_64-debian-clang | 1.9-1 | 7.27 | 49.90 | 57.17 | NOTE | |
r-devel-linux-x86_64-debian-gcc | 1.9-1 | 5.24 | 36.36 | 41.60 | NOTE | |
r-devel-linux-x86_64-fedora-clang | 1.9-1 | 89.84 | OK | |||
r-devel-linux-x86_64-fedora-gcc | 1.9-1 | 87.32 | OK | |||
r-devel-windows-x86_64 | 1.9-1 | 8.00 | 95.00 | 103.00 | OK | |
r-patched-linux-x86_64 | 1.9-1 | 6.99 | 46.73 | 53.72 | OK | |
r-release-linux-x86_64 | 1.9-1 | 6.10 | 47.03 | 53.13 | OK | |
r-release-macos-arm64 | 1.9-1 | 28.00 | OK | |||
r-release-macos-x86_64 | 1.9-1 | 50.00 | OK | |||
r-release-windows-x86_64 | 1.9-1 | 6.00 | 111.00 | 117.00 | OK | |
r-oldrel-macos-arm64 | 1.9-1 | 27.00 | OK | |||
r-oldrel-macos-x86_64 | 1.9-1 | 41.00 | OK | |||
r-oldrel-windows-x86_64 | 1.9-1 | 7.00 | 78.00 | 85.00 | OK |
Version: 1.9-1
Check: CRAN incoming feasibility
Result: NOTE
Maintainer: ‘Gunther Schauberger <gunther.schauberger@tum.de>’
No Authors@R field in DESCRIPTION.
Please add one, modifying
Authors@R: person(given = "Gunther",
family = "Schauberger",
role = c("aut", "cre"),
email = "gunther.schauberger@tum.de")
as necessary.
Flavors: r-devel-linux-x86_64-debian-clang, r-devel-linux-x86_64-debian-gcc