Last updated on 2025-05-22 05:51:00 CEST.
Flavor | Version | Tinstall | Tcheck | Ttotal | Status | Flags |
---|---|---|---|---|---|---|
r-devel-linux-x86_64-debian-clang | 1.0.2 | 12.06 | 96.26 | 108.32 | NOTE | |
r-devel-linux-x86_64-debian-gcc | 1.0.2 | 7.28 | 59.74 | 67.02 | NOTE | |
r-devel-linux-x86_64-fedora-clang | 1.0.2 | 179.76 | OK | |||
r-devel-linux-x86_64-fedora-gcc | 1.0.2 | 167.32 | OK | |||
r-devel-windows-x86_64 | 1.0.2 | 12.00 | 106.00 | 118.00 | OK | |
r-patched-linux-x86_64 | 1.0.2 | 11.35 | 87.19 | 98.54 | OK | |
r-release-linux-x86_64 | 1.0.2 | 8.69 | 87.57 | 96.26 | OK | |
r-release-macos-arm64 | 1.0.2 | 43.00 | OK | |||
r-release-macos-x86_64 | 1.0.2 | 96.00 | OK | |||
r-release-windows-x86_64 | 1.0.2 | 11.00 | 107.00 | 118.00 | OK | |
r-oldrel-macos-arm64 | 1.0.2 | 38.00 | OK | |||
r-oldrel-macos-x86_64 | 1.0.2 | 64.00 | OK | |||
r-oldrel-windows-x86_64 | 1.0.2 | 13.00 | 103.00 | 116.00 | OK |
Version: 1.0.2
Check: CRAN incoming feasibility
Result: NOTE
Maintainer: ‘Stefan Wellek <stefan.wellek@zi-mannheim.de>’
No Authors@R field in DESCRIPTION.
Please add one, modifying
Authors@R: c(person(given = "Stefan",
family = "Wellek",
role = c("aut", "cre"),
email = "stefan.wellek@zi-mannheim.de"),
person(given = "Peter",
family = "Ziegler",
role = "aut"))
as necessary.
Flavors: r-devel-linux-x86_64-debian-clang, r-devel-linux-x86_64-debian-gcc