CRAN Package Check Results for Package DiceKriging

Last updated on 2025-05-22 05:50:59 CEST.

Flavor Version Tinstall Tcheck Ttotal Status Flags
r-devel-linux-x86_64-debian-clang 1.6.0 10.01 61.72 71.73 NOTE
r-devel-linux-x86_64-debian-gcc 1.6.0 6.42 44.28 50.70 NOTE
r-devel-linux-x86_64-fedora-clang 1.6.0 105.44 OK
r-devel-linux-x86_64-fedora-gcc 1.6.0 103.89 OK
r-devel-windows-x86_64 1.6.0 11.00 117.00 128.00 OK
r-patched-linux-x86_64 1.6.0 8.40 60.75 69.15 OK
r-release-linux-x86_64 1.6.0 6.93 59.00 65.93 OK
r-release-macos-arm64 1.6.0 40.00 OK
r-release-macos-x86_64 1.6.0 72.00 OK
r-release-windows-x86_64 1.6.0 14.00 144.00 158.00 OK
r-oldrel-macos-arm64 1.6.0 48.00 OK
r-oldrel-macos-x86_64 1.6.0 54.00 OK
r-oldrel-windows-x86_64 1.6.0 14.00 101.00 115.00 OK

Check Details

Version: 1.6.0
Check: CRAN incoming feasibility
Result: NOTE Maintainer: ‘Olivier Roustant <roustant@insa-toulouse.fr>’ No Authors@R field in DESCRIPTION. Please add one, modifying Authors@R: c(person(given = "Olivier", family = "Roustant", role = c("aut", "cre"), email = "roustant@insa-toulouse.fr"), person(given = "David", family = "Ginsbourger", role = "aut"), person(given = c("Yves", "Deville.", "Contributors:", "Clement"), family = "Chevalier", role = "aut"), person(given = "Yann", family = "Richet.", role = "aut")) as necessary. Package CITATION file contains call(s) to old-style personList() or as.personList(). Please use c() on person objects instead. Package CITATION file contains call(s) to old-style citEntry(). Please use bibentry() instead. Flavors: r-devel-linux-x86_64-debian-clang, r-devel-linux-x86_64-debian-gcc