Last updated on 2025-05-22 05:50:59 CEST.
Flavor | Version | Tinstall | Tcheck | Ttotal | Status | Flags |
---|---|---|---|---|---|---|
r-devel-linux-x86_64-debian-clang | 0.1.0 | 1.98 | 32.92 | 34.90 | NOTE | |
r-devel-linux-x86_64-debian-gcc | 0.1.0 | 1.73 | 24.04 | 25.77 | NOTE | |
r-devel-linux-x86_64-fedora-clang | 0.1.0 | 56.08 | OK | |||
r-devel-linux-x86_64-fedora-gcc | 0.1.0 | 53.51 | OK | |||
r-devel-windows-x86_64 | 0.1.0 | 4.00 | 66.00 | 70.00 | OK | |
r-patched-linux-x86_64 | 0.1.0 | 1.95 | 32.40 | 34.35 | OK | |
r-release-linux-x86_64 | 0.1.0 | 2.08 | 31.80 | 33.88 | OK | |
r-release-macos-arm64 | 0.1.0 | 21.00 | OK | |||
r-release-macos-x86_64 | 0.1.0 | 41.00 | OK | |||
r-release-windows-x86_64 | 0.1.0 | 4.00 | 86.00 | 90.00 | OK | |
r-oldrel-macos-arm64 | 0.1.0 | 20.00 | OK | |||
r-oldrel-macos-x86_64 | 0.1.0 | 34.00 | OK | |||
r-oldrel-windows-x86_64 | 0.1.0 | 4.00 | 60.00 | 64.00 | OK |
Version: 0.1.0
Check: CRAN incoming feasibility
Result: NOTE
Maintainer: ‘Oleksandr Castello <alexander-castello@libero.it>’
No Authors@R field in DESCRIPTION.
Please add one, modifying
Authors@R: person(given = "Oleksandr",
family = "Castello",
role = c("ctb", "cre", "aut"),
email = "alexander-castello@libero.it")
as necessary.
Flavors: r-devel-linux-x86_64-debian-clang, r-devel-linux-x86_64-debian-gcc