Last updated on 2025-05-22 05:50:59 CEST.
Flavor | Version | Tinstall | Tcheck | Ttotal | Status | Flags |
---|---|---|---|---|---|---|
r-devel-linux-x86_64-debian-clang | 2.3.0 | 6.55 | 271.72 | 278.27 | NOTE | |
r-devel-linux-x86_64-debian-gcc | 2.3.0 | 3.76 | 200.24 | 204.00 | NOTE | |
r-devel-linux-x86_64-fedora-clang | 2.3.0 | 429.58 | OK | |||
r-devel-linux-x86_64-fedora-gcc | 2.3.0 | 405.85 | OK | |||
r-devel-windows-x86_64 | 2.3.0 | 13.00 | 421.00 | 434.00 | OK | |
r-patched-linux-x86_64 | 2.3.0 | 6.02 | 257.98 | 264.00 | OK | |
r-release-linux-x86_64 | 2.3.0 | 4.84 | 260.64 | 265.48 | OK | |
r-release-macos-arm64 | 2.3.0 | 151.00 | OK | |||
r-release-macos-x86_64 | 2.3.0 | 269.00 | OK | |||
r-release-windows-x86_64 | 2.3.0 | 14.00 | 436.00 | 450.00 | OK | |
r-oldrel-macos-arm64 | 2.3.0 | 145.00 | OK | |||
r-oldrel-macos-x86_64 | 2.3.0 | 203.00 | OK | |||
r-oldrel-windows-x86_64 | 2.3.0 | 13.00 | 535.00 | 548.00 | OK |
Version: 2.3.0
Check: CRAN incoming feasibility
Result: NOTE
Maintainer: ‘Szymon Maksymiuk <sz.maksymiuk@gmail.com>’
The Description field contains
'DALEXtra' creates 'DALEX' Biecek (2018) <arXiv:1806.08915> explainer
Please refer to arXiv e-prints via their arXiv DOI <doi:10.48550/arXiv.YYMM.NNNNN>.
Flavors: r-devel-linux-x86_64-debian-clang, r-devel-linux-x86_64-debian-gcc