Last updated on 2025-05-23 05:52:23 CEST.
Flavor | Version | Tinstall | Tcheck | Ttotal | Status | Flags |
---|---|---|---|---|---|---|
r-devel-linux-x86_64-debian-clang | 0.2.0 | 6.91 | 40.89 | 47.80 | OK | |
r-devel-linux-x86_64-debian-gcc | 0.2.0 | 4.63 | 31.03 | 35.66 | OK | |
r-devel-linux-x86_64-fedora-clang | 0.2.0 | 74.67 | NOTE | |||
r-devel-linux-x86_64-fedora-gcc | 0.2.0 | 86.17 | NOTE | |||
r-devel-windows-x86_64 | 0.2.0 | 9.00 | 80.00 | 89.00 | OK | |
r-patched-linux-x86_64 | 0.2.0 | 7.17 | 38.91 | 46.08 | OK | |
r-release-linux-x86_64 | 0.2.0 | 7.13 | 38.30 | 45.43 | OK | |
r-release-macos-arm64 | 0.2.0 | 37.00 | OK | |||
r-release-macos-x86_64 | 0.2.0 | 75.00 | OK | |||
r-release-windows-x86_64 | 0.2.0 | 7.00 | 130.00 | 137.00 | OK | |
r-oldrel-macos-arm64 | 0.2.0 | 40.00 | OK | |||
r-oldrel-macos-x86_64 | 0.2.0 | 62.00 | OK | |||
r-oldrel-windows-x86_64 | 0.2.0 | 9.00 | 86.00 | 95.00 | OK |
Version: 0.2.0
Check: dependencies in R code
Result: NOTE
Namespace in Imports field not imported from: ‘data.table’
All declared Imports should be used.
Flavors: r-devel-linux-x86_64-fedora-clang, r-devel-linux-x86_64-fedora-gcc