Last updated on 2025-05-22 05:50:58 CEST.
Flavor | Version | Tinstall | Tcheck | Ttotal | Status | Flags |
---|---|---|---|---|---|---|
r-devel-linux-x86_64-debian-clang | 1.0.0 | 3.67 | 36.57 | 40.24 | NOTE | |
r-devel-linux-x86_64-debian-gcc | 1.0.0 | 2.77 | 25.42 | 28.19 | NOTE | |
r-devel-linux-x86_64-fedora-clang | 1.0.0 | 65.63 | OK | |||
r-devel-linux-x86_64-fedora-gcc | 1.0.0 | 62.74 | OK | |||
r-devel-windows-x86_64 | 1.0.0 | 5.00 | 68.00 | 73.00 | OK | |
r-patched-linux-x86_64 | 1.0.0 | 3.34 | 34.34 | 37.68 | OK | |
r-release-linux-x86_64 | 1.0.0 | 3.60 | 34.79 | 38.39 | OK | |
r-release-macos-arm64 | 1.0.0 | 19.00 | OK | |||
r-release-macos-x86_64 | 1.0.0 | 46.00 | OK | |||
r-release-windows-x86_64 | 1.0.0 | 5.00 | 96.00 | 101.00 | OK | |
r-oldrel-macos-arm64 | 1.0.0 | 24.00 | OK | |||
r-oldrel-macos-x86_64 | 1.0.0 | 36.00 | OK | |||
r-oldrel-windows-x86_64 | 1.0.0 | 4.00 | 62.00 | 66.00 | OK |
Version: 1.0.0
Check: CRAN incoming feasibility
Result: NOTE
Maintainer: ‘JiaSheng Zhang <zhangjiasheng0509@outlook.com>’
No Authors@R field in DESCRIPTION.
Please add one, modifying
Authors@R: c(person(given = "JiaSheng",
family = "Zhang",
role = c("aut", "cre"),
email = "zhangjiasheng0509@outlook.com",
comment = "<zhangjiasheng0509@outlook.com>"),
person(given = "SiWei",
family = "Deng",
role = "aut"),
person(given = "Feng",
family = "Yu",
role = "aut"),
person(given = "YangYang",
family = "Zhang",
role = "aut"))
as necessary.
Flavors: r-devel-linux-x86_64-debian-clang, r-devel-linux-x86_64-debian-gcc