Last updated on 2025-11-01 06:48:58 CET.
| Flavor | Version | Tinstall | Tcheck | Ttotal | Status | Flags |
|---|---|---|---|---|---|---|
| r-devel-linux-x86_64-debian-clang | 0.1.1 | 1.74 | 32.38 | 34.12 | OK | |
| r-devel-linux-x86_64-debian-gcc | 0.1.1 | 1.62 | 25.25 | 26.87 | OK | |
| r-devel-linux-x86_64-fedora-clang | 0.1.1 | 50.57 | OK | |||
| r-devel-linux-x86_64-fedora-gcc | 0.1.1 | 47.77 | OK | |||
| r-devel-windows-x86_64 | 0.1.1 | 4.00 | 60.00 | 64.00 | OK | |
| r-patched-linux-x86_64 | 0.1.1 | 1.76 | 28.77 | 30.53 | OK | |
| r-release-linux-x86_64 | 0.1.1 | 1.85 | 29.30 | 31.15 | OK | |
| r-release-macos-arm64 | 0.1.1 | 1.00 | 21.00 | 22.00 | OK | |
| r-release-macos-x86_64 | 0.1.1 | 2.00 | 40.00 | 42.00 | OK | |
| r-release-windows-x86_64 | 0.1.1 | 4.00 | 62.00 | 66.00 | OK | |
| r-oldrel-macos-arm64 | 0.1.1 | 1.00 | 24.00 | 25.00 | NOTE | |
| r-oldrel-macos-x86_64 | 0.1.1 | 2.00 | 34.00 | 36.00 | NOTE | |
| r-oldrel-windows-x86_64 | 0.1.1 | 3.00 | 72.00 | 75.00 | NOTE |
Version: 0.1.1
Check: LazyData
Result: NOTE
'LazyData' is specified without a 'data' directory
Flavors: r-oldrel-macos-arm64, r-oldrel-macos-x86_64, r-oldrel-windows-x86_64