Last updated on 2025-10-29 05:50:07 CET.
| Flavor | Version | Tinstall | Tcheck | Ttotal | Status | Flags | 
|---|---|---|---|---|---|---|
| r-devel-linux-x86_64-debian-clang | 0.0.5 | 3.45 | 37.25 | 40.70 | OK | |
| r-devel-linux-x86_64-debian-gcc | 0.0.5 | 2.62 | 28.23 | 30.85 | OK | |
| r-devel-linux-x86_64-fedora-clang | 0.0.5 | 59.66 | OK | |||
| r-devel-linux-x86_64-fedora-gcc | 0.0.5 | 56.30 | OK | |||
| r-devel-windows-x86_64 | 0.0.5 | 5.00 | 52.00 | 57.00 | OK | |
| r-patched-linux-x86_64 | 0.0.5 | 3.54 | 33.76 | 37.30 | OK | |
| r-release-linux-x86_64 | 0.0.5 | 2.90 | 33.26 | 36.16 | OK | |
| r-release-macos-arm64 | 0.0.5 | 2.00 | 22.00 | 24.00 | OK | |
| r-release-macos-x86_64 | 0.0.5 | 3.00 | 35.00 | 38.00 | OK | |
| r-release-windows-x86_64 | 0.0.5 | 6.00 | 56.00 | 62.00 | OK | |
| r-oldrel-macos-arm64 | 0.0.5 | 2.00 | 24.00 | 26.00 | NOTE | |
| r-oldrel-macos-x86_64 | 0.0.5 | 2.00 | 39.00 | 41.00 | NOTE | |
| r-oldrel-windows-x86_64 | 0.0.5 | 7.00 | 63.00 | 70.00 | NOTE | 
Version: 0.0.5
Check: installed package size
Result: NOTE
    installed size is  7.3Mb
    sub-directories of 1Mb or more:
      extdata   5.3Mb
      help      1.9Mb
Flavors: r-oldrel-macos-arm64, r-oldrel-macos-x86_64, r-oldrel-windows-x86_64