Last updated on 2025-05-22 05:50:56 CEST.
Flavor | Version | Tinstall | Tcheck | Ttotal | Status | Flags |
---|---|---|---|---|---|---|
r-devel-linux-x86_64-debian-clang | 5.2 | 7.41 | 392.87 | 400.28 | NOTE | |
r-devel-linux-x86_64-debian-gcc | 5.2 | 5.14 | 216.14 | 221.28 | NOTE | |
r-devel-linux-x86_64-fedora-clang | 5.2 | 650.19 | NOTE | |||
r-devel-linux-x86_64-fedora-gcc | 5.2 | 760.58 | NOTE | |||
r-devel-windows-x86_64 | 5.2 | 8.00 | 381.00 | 389.00 | NOTE | |
r-patched-linux-x86_64 | 5.2 | 7.20 | 360.89 | 368.09 | NOTE | |
r-release-linux-x86_64 | 5.2 | 7.60 | 358.36 | 365.96 | NOTE | |
r-release-macos-arm64 | 5.2 | 395.00 | NOTE | |||
r-release-macos-x86_64 | 5.2 | 877.00 | NOTE | |||
r-release-windows-x86_64 | 5.2 | 10.00 | 390.00 | 400.00 | NOTE | |
r-oldrel-macos-arm64 | 5.2 | 284.00 | NOTE | |||
r-oldrel-macos-x86_64 | 5.2 | 414.00 | NOTE | |||
r-oldrel-windows-x86_64 | 5.2 | 10.00 | 519.00 | 529.00 | NOTE |
Version: 5.2
Check: CRAN incoming feasibility
Result: NOTE
Maintainer: ‘Doug Fletcher <tug25070@temple.edu>’
No Authors@R field in DESCRIPTION.
Please add one, modifying
Authors@R: c(person(given = "Subhadeep",
family = "Mukhopadhyay",
role = "aut"),
person(given = "Douglas",
family = "Fletcher",
role = "aut"),
person(given = "Doug",
family = "Fletcher",
role = "cre",
email = "tug25070@temple.edu"))
as necessary.
Flavors: r-devel-linux-x86_64-debian-clang, r-devel-linux-x86_64-debian-gcc
Version: 5.2
Check: Rd files
Result: NOTE
checkRd: (-1) gMLE.bb.Rd:18: Lost braces
18 | \item{optim.method}{optimization method in \code{optim()}{stats}.}
| ^
Flavors: r-devel-linux-x86_64-debian-clang, r-devel-linux-x86_64-debian-gcc, r-devel-linux-x86_64-fedora-clang, r-devel-linux-x86_64-fedora-gcc, r-devel-windows-x86_64, r-patched-linux-x86_64, r-release-linux-x86_64, r-release-macos-arm64, r-release-macos-x86_64, r-release-windows-x86_64, r-oldrel-macos-arm64, r-oldrel-macos-x86_64, r-oldrel-windows-x86_64