Last updated on 2025-05-22 05:50:56 CEST.
Flavor | Version | Tinstall | Tcheck | Ttotal | Status | Flags |
---|---|---|---|---|---|---|
r-devel-linux-x86_64-debian-clang | 0.1.2 | 51.29 | 28.90 | 80.19 | OK | |
r-devel-linux-x86_64-debian-gcc | 0.1.2 | 30.73 | 22.49 | 53.22 | OK | |
r-devel-linux-x86_64-fedora-clang | 0.1.2 | 128.69 | OK | |||
r-devel-linux-x86_64-fedora-gcc | 0.1.2 | 140.43 | OK | |||
r-devel-windows-x86_64 | 0.1.2 | 48.00 | 101.00 | 149.00 | OK | |
r-patched-linux-x86_64 | 0.1.2 | 47.44 | 28.04 | 75.48 | OK | |
r-release-linux-x86_64 | 0.1.2 | 44.90 | 27.93 | 72.83 | OK | |
r-release-macos-arm64 | 0.1.2 | 44.00 | OK | |||
r-release-macos-x86_64 | 0.1.2 | 69.00 | OK | |||
r-release-windows-x86_64 | 0.1.2 | 48.00 | 132.00 | 180.00 | OK | |
r-oldrel-macos-arm64 | 0.1.2 | 40.00 | NOTE | |||
r-oldrel-macos-x86_64 | 0.1.2 | 105.00 | NOTE | |||
r-oldrel-windows-x86_64 | 0.1.2 | 58.00 | 83.00 | 141.00 | OK |
Version: 0.1.2
Check: installed package size
Result: NOTE
installed size is 6.5Mb
sub-directories of 1Mb or more:
libs 6.1Mb
Flavors: r-oldrel-macos-arm64, r-oldrel-macos-x86_64