Last updated on 2025-05-07 05:50:47 CEST.
Flavor | Version | Tinstall | Tcheck | Ttotal | Status | Flags |
---|---|---|---|---|---|---|
r-devel-linux-x86_64-debian-clang | 0.2.3 | 10.84 | 87.74 | 98.58 | NOTE | |
r-devel-linux-x86_64-debian-gcc | 0.2.3 | 6.26 | 64.09 | 70.35 | NOTE | |
r-devel-linux-x86_64-fedora-clang | 0.2.3 | 130.51 | NOTE | |||
r-devel-linux-x86_64-fedora-gcc | 0.2.3 | 159.51 | NOTE | |||
r-devel-windows-x86_64 | 0.2.3 | 12.00 | 117.00 | 129.00 | NOTE | |
r-patched-linux-x86_64 | 0.2.3 | 10.73 | 80.37 | 91.10 | NOTE | |
r-release-linux-x86_64 | 0.2.3 | 8.38 | 81.58 | 89.96 | NOTE | |
r-release-macos-arm64 | 0.2.3 | 84.00 | NOTE | |||
r-release-macos-x86_64 | 0.2.3 | 138.00 | NOTE | |||
r-release-windows-x86_64 | 0.2.3 | 13.00 | 124.00 | 137.00 | NOTE | |
r-oldrel-macos-arm64 | 0.2.3 | 60.00 | NOTE | |||
r-oldrel-macos-x86_64 | 0.2.3 | 90.00 | NOTE | |||
r-oldrel-windows-x86_64 | 0.2.3 | 17.00 | 146.00 | 163.00 | NOTE |
Version: 0.2.3
Check: Rd files
Result: NOTE
checkRd: (-1) update_ztable.Rd:75: Lost braces; missing escapes or markup?
75 | must be NULL or contain only elements of {"h","t","b","p","!","H"}.}
| ^
checkRd: (-1) ztable_sub.Rd:78: Lost braces; missing escapes or markup?
78 | must be NULL or contain only elements of {"h","t","b","p","!","H"}.
| ^
Flavors: r-devel-linux-x86_64-debian-clang, r-devel-linux-x86_64-debian-gcc, r-devel-linux-x86_64-fedora-clang, r-devel-linux-x86_64-fedora-gcc, r-devel-windows-x86_64, r-patched-linux-x86_64, r-release-linux-x86_64, r-release-macos-arm64, r-release-macos-x86_64, r-release-windows-x86_64, r-oldrel-macos-arm64, r-oldrel-macos-x86_64, r-oldrel-windows-x86_64