Last updated on 2025-05-08 05:52:05 CEST.
Flavor | Version | Tinstall | Tcheck | Ttotal | Status | Flags |
---|---|---|---|---|---|---|
r-devel-linux-x86_64-debian-clang | 1.2-0 | 1.92 | 23.31 | 25.23 | NOTE | |
r-devel-linux-x86_64-debian-gcc | 1.2-0 | 1.32 | 18.99 | 20.31 | NOTE | |
r-devel-linux-x86_64-fedora-clang | 1.2-0 | 36.40 | NOTE | |||
r-devel-linux-x86_64-fedora-gcc | 1.2-0 | 35.99 | NOTE | |||
r-devel-windows-x86_64 | 1.2-0 | 5.00 | 49.00 | 54.00 | NOTE | |
r-patched-linux-x86_64 | 1.2-0 | 1.85 | 22.56 | 24.41 | NOTE | |
r-release-linux-x86_64 | 1.2-0 | 1.49 | 22.67 | 24.16 | NOTE | |
r-release-macos-arm64 | 1.2-0 | 18.00 | NOTE | |||
r-release-macos-x86_64 | 1.2-0 | 28.00 | NOTE | |||
r-release-windows-x86_64 | 1.2-0 | 6.00 | 53.00 | 59.00 | NOTE | |
r-oldrel-macos-arm64 | 1.2-0 | 17.00 | NOTE | |||
r-oldrel-macos-x86_64 | 1.2-0 | 24.00 | NOTE | |||
r-oldrel-windows-x86_64 | 1.2-0 | 4.00 | 47.00 | 51.00 | NOTE |
Version: 1.2-0
Check: CRAN incoming feasibility
Result: NOTE
Maintainer: ‘Hana Sevcikova <hanas@uw.edu>’
No Authors@R field in DESCRIPTION.
Please add one, modifying
Authors@R: c(person(given = "Hana",
family = "Sevcikova",
role = c("aut", "cre"),
email = "hanas@uw.edu"),
person(given = "Patrick",
family = "Gerland",
role = "aut",
email = "gerland@un.org"))
as necessary.
Flavors: r-devel-linux-x86_64-debian-clang, r-devel-linux-x86_64-debian-gcc
Version: 1.2-0
Check: DESCRIPTION meta-information
Result: NOTE
Malformed Description field: should contain one or more complete sentences.
Flavors: r-devel-linux-x86_64-debian-clang, r-devel-linux-x86_64-debian-gcc, r-devel-linux-x86_64-fedora-clang, r-devel-linux-x86_64-fedora-gcc, r-devel-windows-x86_64, r-patched-linux-x86_64, r-release-linux-x86_64, r-release-macos-arm64, r-release-macos-x86_64, r-release-windows-x86_64, r-oldrel-macos-arm64, r-oldrel-macos-x86_64, r-oldrel-windows-x86_64
Version: 1.2-0
Check: installed package size
Result: NOTE
installed size is 6.7Mb
sub-directories of 1Mb or more:
data 6.6Mb
Flavors: r-oldrel-macos-arm64, r-oldrel-macos-x86_64, r-oldrel-windows-x86_64