CRAN Package Check Results for Package wordmap

Last updated on 2025-05-07 05:50:47 CEST.

Flavor Version Tinstall Tcheck Ttotal Status Flags
r-devel-linux-x86_64-debian-clang 0.9.2 10.92 124.76 135.68 ERROR
r-devel-linux-x86_64-debian-gcc 0.9.2 8.37 86.88 95.25 ERROR
r-devel-linux-x86_64-fedora-clang 0.9.2 209.43 OK
r-devel-linux-x86_64-fedora-gcc 0.9.2 202.52 OK
r-devel-windows-x86_64 0.9.2 12.00 123.00 135.00 OK
r-patched-linux-x86_64 0.9.2 11.56 119.47 131.03 OK
r-release-linux-x86_64 0.9.2 9.21 118.26 127.47 OK
r-release-macos-arm64 0.9.2 57.00 OK
r-release-macos-x86_64 0.9.2 120.00 OK
r-release-windows-x86_64 0.9.2 13.00 123.00 136.00 OK
r-oldrel-macos-arm64 0.9.2 68.00 OK
r-oldrel-macos-x86_64 0.9.2 106.00 OK
r-oldrel-windows-x86_64 0.9.2 16.00 157.00 173.00 ERROR

Check Details

Version: 0.9.2
Check: tests
Result: ERROR Running ‘spelling.R’ [0s/1s] Running ‘testthat.R’ [31s/38s] Running the tests in ‘tests/testthat.R’ failed. Complete output: > require(testthat) Loading required package: testthat > test_check("wordmap") Loading required package: wordmap [ FAIL 1 | WARN 0 | SKIP 0 | PASS 115 ] ══ Failed tests ════════════════════════════════════════════════════════════════ ── Failure ('test-textplot.R:14:5'): textplot_terms works with dictionary ────── `print(textplot_terms(wmp1, data_dictionary_LSD2015, max_highlighted = 10))` produced warnings. [ FAIL 1 | WARN 0 | SKIP 0 | PASS 115 ] Error: Test failures Execution halted Flavor: r-devel-linux-x86_64-debian-clang

Version: 0.9.2
Check: tests
Result: ERROR Running ‘spelling.R’ [0s/0s] Running ‘testthat.R’ [19s/23s] Running the tests in ‘tests/testthat.R’ failed. Complete output: > require(testthat) Loading required package: testthat > test_check("wordmap") Loading required package: wordmap [ FAIL 1 | WARN 0 | SKIP 0 | PASS 115 ] ══ Failed tests ════════════════════════════════════════════════════════════════ ── Failure ('test-textplot.R:14:5'): textplot_terms works with dictionary ────── `print(textplot_terms(wmp1, data_dictionary_LSD2015, max_highlighted = 10))` produced warnings. [ FAIL 1 | WARN 0 | SKIP 0 | PASS 115 ] Error: Test failures Execution halted Flavor: r-devel-linux-x86_64-debian-gcc

Version: 0.9.2
Check: tests
Result: ERROR Running 'spelling.R' [0s] Running 'testthat.R' [36s] Running the tests in 'tests/testthat.R' failed. Complete output: > require(testthat) Loading required package: testthat > test_check("wordmap") Loading required package: wordmap [ FAIL 1 | WARN 0 | SKIP 0 | PASS 115 ] ══ Failed tests ════════════════════════════════════════════════════════════════ ── Failure ('test-textplot.R:14:5'): textplot_terms works with dictionary ────── `print(textplot_terms(wmp1, data_dictionary_LSD2015, max_highlighted = 10))` produced warnings. [ FAIL 1 | WARN 0 | SKIP 0 | PASS 115 ] Error: Test failures Execution halted Flavor: r-oldrel-windows-x86_64