Last updated on 2025-05-08 05:52:05 CEST.
Flavor | Version | Tinstall | Tcheck | Ttotal | Status | Flags |
---|---|---|---|---|---|---|
r-devel-linux-x86_64-debian-clang | 1.1 | 3.78 | 30.42 | 34.20 | NOTE | |
r-devel-linux-x86_64-debian-gcc | 1.1 | 2.19 | 23.17 | 25.36 | NOTE | |
r-devel-linux-x86_64-fedora-clang | 1.1 | 54.05 | OK | |||
r-devel-linux-x86_64-fedora-gcc | 1.1 | 51.00 | OK | |||
r-devel-windows-x86_64 | 1.1 | 4.00 | 50.00 | 54.00 | OK | |
r-patched-linux-x86_64 | 1.1 | 3.64 | 29.17 | 32.81 | OK | |
r-release-linux-x86_64 | 1.1 | 3.75 | 29.43 | 33.18 | OK | |
r-release-macos-arm64 | 1.1 | 20.00 | OK | |||
r-release-macos-x86_64 | 1.1 | 34.00 | OK | |||
r-release-windows-x86_64 | 1.1 | 5.00 | 51.00 | 56.00 | OK | |
r-oldrel-macos-arm64 | 1.1 | 19.00 | OK | |||
r-oldrel-macos-x86_64 | 1.1 | 28.00 | OK | |||
r-oldrel-windows-x86_64 | 1.1 | 6.00 | 56.00 | 62.00 | OK |
Version: 1.1
Check: CRAN incoming feasibility
Result: NOTE
Maintainer: ‘Neda Daneshgar<ne_da978@stu-mail.um.ac.ir>’
No Authors@R field in DESCRIPTION.
Please add one, modifying
Authors@R: c(person(given = "Neda",
family = "Daneshagr",
role = "aut"),
person(given = "Majid",
family = "Sarmad.",
role = "aut"),
person(given = "Neda",
family = "Daneshgar",
role = "cre",
email = "ne_da978@stu-mail.um.ac.ir"))
as necessary.
Flavors: r-devel-linux-x86_64-debian-clang, r-devel-linux-x86_64-debian-gcc