Last updated on 2025-11-06 05:50:18 CET.
| Flavor | Version | Tinstall | Tcheck | Ttotal | Status | Flags |
|---|---|---|---|---|---|---|
| r-devel-linux-x86_64-debian-clang | 0.2 | 2.02 | 21.76 | 23.78 | NOTE | |
| r-devel-linux-x86_64-debian-gcc | 0.2 | 1.63 | 18.12 | 19.75 | NOTE | |
| r-devel-linux-x86_64-fedora-clang | 0.2 | 34.94 | OK | |||
| r-devel-linux-x86_64-fedora-gcc | 0.2 | 33.50 | OK | |||
| r-devel-windows-x86_64 | 0.2 | 4.00 | 40.00 | 44.00 | OK | |
| r-patched-linux-x86_64 | 0.2 | 1.66 | 20.93 | 22.59 | OK | |
| r-release-linux-x86_64 | 0.2 | 1.92 | 20.94 | 22.86 | OK | |
| r-release-macos-arm64 | 0.2 | 1.00 | 16.00 | 17.00 | OK | |
| r-release-macos-x86_64 | 0.2 | 2.00 | 23.00 | 25.00 | OK | |
| r-release-windows-x86_64 | 0.2 | 5.00 | 48.00 | 53.00 | OK | |
| r-oldrel-macos-arm64 | 0.2 | 1.00 | 15.00 | 16.00 | OK | |
| r-oldrel-macos-x86_64 | 0.2 | 2.00 | 25.00 | 27.00 | OK | |
| r-oldrel-windows-x86_64 | 0.2 | 2.00 | 43.00 | 45.00 | OK |
Version: 0.2
Check: CRAN incoming feasibility
Result: NOTE
Maintainer: ‘Michele Dalponte <michele.dalponte@fmach.it>’
No Authors@R field in DESCRIPTION.
Please add one, modifying
Authors@R: c(person(given = "Michele",
family = "Dalponte",
role = c("aut", "cre"),
email = "michele.dalponte@fmach.it"),
person(given = c("Hans", "Ole"),
family = "Oerka",
role = "aut"))
as necessary.
Flavors: r-devel-linux-x86_64-debian-clang, r-devel-linux-x86_64-debian-gcc