Last updated on 2025-05-08 05:52:05 CEST.
Flavor | Version | Tinstall | Tcheck | Ttotal | Status | Flags |
---|---|---|---|---|---|---|
r-devel-linux-x86_64-debian-clang | 2.0 | 7.93 | 71.09 | 79.02 | NOTE | |
r-devel-linux-x86_64-debian-gcc | 2.0 | 6.04 | 52.50 | 58.54 | NOTE | |
r-devel-linux-x86_64-fedora-clang | 2.0 | 122.34 | OK | |||
r-devel-linux-x86_64-fedora-gcc | 2.0 | 118.54 | OK | |||
r-devel-windows-x86_64 | 2.0 | 10.00 | 77.00 | 87.00 | OK | |
r-patched-linux-x86_64 | 2.0 | 6.40 | 68.47 | 74.87 | OK | |
r-release-linux-x86_64 | 2.0 | 7.79 | 69.04 | 76.83 | OK | |
r-release-macos-arm64 | 2.0 | 43.00 | OK | |||
r-release-macos-x86_64 | 2.0 | 74.00 | OK | |||
r-release-windows-x86_64 | 2.0 | 10.00 | 79.00 | 89.00 | OK | |
r-oldrel-macos-arm64 | 2.0 | 36.00 | OK | |||
r-oldrel-macos-x86_64 | 2.0 | 54.00 | OK | |||
r-oldrel-windows-x86_64 | 2.0 | 11.00 | 97.00 | 108.00 | OK |
Version: 2.0
Check: CRAN incoming feasibility
Result: NOTE
Maintainer: ‘Paula M. Murray <paula.murray@math.mcmaster.ca>’
No Authors@R field in DESCRIPTION.
Please add one, modifying
Authors@R: c(person(given = c("Paula", "M."),
family = "Murray",
role = c("aut", "cre"),
email = "paula.murray@math.mcmaster.ca"),
person(given = c("Ryan", "P."),
family = "Browne",
role = "aut"),
person(given = c("Paul", "D."),
family = "McNicholas",
role = "aut"))
as necessary.
Flavors: r-devel-linux-x86_64-debian-clang, r-devel-linux-x86_64-debian-gcc