CRAN Package Check Results for Package usdata

Last updated on 2025-10-12 05:50:18 CEST.

Flavor Version Tinstall Tcheck Ttotal Status Flags
r-devel-linux-x86_64-debian-clang 0.3.1 4.77 51.39 56.16 NOTE
r-devel-linux-x86_64-debian-gcc 0.3.1 3.36 37.29 40.65 NOTE
r-devel-linux-x86_64-fedora-clang 0.3.1 86.01 NOTE
r-devel-linux-x86_64-fedora-gcc 0.3.1 85.24 NOTE
r-devel-windows-x86_64 0.3.1 7.00 72.00 79.00 NOTE
r-patched-linux-x86_64 0.3.1 4.94 46.99 51.93 NOTE
r-release-linux-x86_64 0.3.1 4.59 47.42 52.01 NOTE
r-release-macos-arm64 0.3.1 32.00 NOTE
r-release-macos-x86_64 0.3.1 57.00 NOTE
r-release-windows-x86_64 0.3.1 8.00 73.00 81.00 NOTE
r-oldrel-macos-arm64 0.3.1 26.00 OK
r-oldrel-macos-x86_64 0.3.1 52.00 OK
r-oldrel-windows-x86_64 0.3.1 10.00 85.00 95.00 OK

Check Details

Version: 0.3.1
Check: DESCRIPTION meta-information
Result: NOTE Missing dependency on R >= 4.1.0 because package code uses the pipe |> or function shorthand \(...) syntax added in R 4.1.0. File(s) using such syntax: ‘county_complete.Rd’ ‘fatal_police_shootings.Rd’ ‘gerrymander.Rd’ ‘pierce_county_house_sales.Rd’ ‘pop_age_2019.Rd’ ‘pop_race_2019.Rd’ ‘state_stats.Rd’ ‘us_temp.Rd’ Flavors: r-devel-linux-x86_64-debian-clang, r-devel-linux-x86_64-debian-gcc, r-devel-linux-x86_64-fedora-clang, r-devel-linux-x86_64-fedora-gcc, r-devel-windows-x86_64, r-patched-linux-x86_64, r-release-linux-x86_64, r-release-macos-arm64, r-release-macos-x86_64, r-release-windows-x86_64