Last updated on 2025-05-07 05:50:46 CEST.
Flavor | Version | Tinstall | Tcheck | Ttotal | Status | Flags |
---|---|---|---|---|---|---|
r-devel-linux-x86_64-debian-clang | 0.10-58 | 9.43 | 46.47 | 55.90 | OK | |
r-devel-linux-x86_64-debian-gcc | 0.10-58 | 5.93 | 34.79 | 40.72 | OK | |
r-devel-linux-x86_64-fedora-clang | 0.10-58 | 85.18 | NOTE | |||
r-devel-linux-x86_64-fedora-gcc | 0.10-58 | 81.33 | NOTE | |||
r-devel-windows-x86_64 | 0.10-58 | 15.00 | 76.00 | 91.00 | OK | |
r-patched-linux-x86_64 | 0.10-58 | 9.37 | 44.58 | 53.95 | OK | |
r-release-linux-x86_64 | 0.10-58 | 8.41 | 45.18 | 53.59 | OK | |
r-release-macos-arm64 | 0.10-58 | 38.00 | OK | |||
r-release-macos-x86_64 | 0.10-58 | 62.00 | OK | |||
r-release-windows-x86_64 | 0.10-58 | 16.00 | 78.00 | 94.00 | OK | |
r-oldrel-macos-arm64 | 0.10-58 | 34.00 | OK | |||
r-oldrel-macos-x86_64 | 0.10-58 | 49.00 | OK | |||
r-oldrel-windows-x86_64 | 0.10-58 | 18.00 | 89.00 | 107.00 | OK |
Version: 0.10-58
Check: dependencies in R code
Result: NOTE
Namespace in Imports field not imported from: ‘jsonlite’
All declared Imports should be used.
Flavors: r-devel-linux-x86_64-fedora-clang, r-devel-linux-x86_64-fedora-gcc