Last updated on 2025-05-07 05:50:46 CEST.
Flavor | Version | Tinstall | Tcheck | Ttotal | Status | Flags |
---|---|---|---|---|---|---|
r-devel-linux-x86_64-debian-clang | 0.1-8 | 1.80 | 28.20 | 30.00 | NOTE | |
r-devel-linux-x86_64-debian-gcc | 0.1-8 | 1.48 | 24.07 | 25.55 | NOTE | |
r-devel-linux-x86_64-fedora-clang | 0.1-8 | 48.34 | OK | |||
r-devel-linux-x86_64-fedora-gcc | 0.1-8 | 60.71 | OK | |||
r-devel-windows-x86_64 | 0.1-8 | 2.00 | 64.00 | 66.00 | OK | |
r-patched-linux-x86_64 | 0.1-8 | 1.66 | 28.24 | 29.90 | OK | |
r-release-linux-x86_64 | 0.1-8 | 1.63 | 28.35 | 29.98 | OK | |
r-release-macos-arm64 | 0.1-8 | 27.00 | OK | |||
r-release-macos-x86_64 | 0.1-8 | 54.00 | OK | |||
r-release-windows-x86_64 | 0.1-8 | 3.00 | 70.00 | 73.00 | OK | |
r-oldrel-macos-arm64 | 0.1-8 | 31.00 | OK | |||
r-oldrel-macos-x86_64 | 0.1-8 | 42.00 | OK | |||
r-oldrel-windows-x86_64 | 0.1-8 | 3.00 | 64.00 | 67.00 | OK |
Version: 0.1-8
Check: CRAN incoming feasibility
Result: NOTE
Maintainer: ‘Charles J. Geyer <charlie@stat.umn.edu>’
No Authors@R field in DESCRIPTION.
Please add one, modifying
Authors@R: c(person(given = c("Charles", "J."),
family = "Geyer.",
role = "aut",
email = "charlie@stat.umn.edu"),
person(given = c("Charles", "J."),
family = "Geyer",
role = "cre",
email = "charlie@stat.umn.edu"))
as necessary.
Flavors: r-devel-linux-x86_64-debian-clang, r-devel-linux-x86_64-debian-gcc