CRAN Package Check Results for Package treeClust

Last updated on 2025-05-08 05:52:04 CEST.

Flavor Version Tinstall Tcheck Ttotal Status Flags
r-devel-linux-x86_64-debian-clang 1.1-7 2.05 21.14 23.19 NOTE
r-devel-linux-x86_64-debian-gcc 1.1-7 1.84 16.35 18.19 NOTE
r-devel-linux-x86_64-fedora-clang 1.1-7 38.30 OK
r-devel-linux-x86_64-fedora-gcc 1.1-7 35.43 OK
r-devel-windows-x86_64 1.1-7 4.00 42.00 46.00 NOTE
r-patched-linux-x86_64 1.1-7 2.84 20.22 23.06 NOTE
r-release-linux-x86_64 1.1-7 2.39 20.00 22.39 NOTE
r-release-macos-arm64 1.1-7 16.00 OK
r-release-macos-x86_64 1.1-7 27.00 OK
r-release-windows-x86_64 1.1-7 3.00 42.00 45.00 NOTE
r-oldrel-macos-arm64 1.1-7 20.00 OK
r-oldrel-macos-x86_64 1.1-7 26.00 OK
r-oldrel-windows-x86_64 1.1-7 4.00 46.00 50.00 OK

Check Details

Version: 1.1-7
Check: CRAN incoming feasibility
Result: NOTE Maintainer: ‘Sam Buttrey <buttrey@nps.edu>’ No Authors@R field in DESCRIPTION. Please add one, modifying Authors@R: person(given = "Sam", family = "Buttrey", role = c("aut", "cre"), email = "buttrey@nps.edu") as necessary. Flavors: r-devel-linux-x86_64-debian-clang, r-devel-linux-x86_64-debian-gcc

Version: 1.1-7
Check: Rd cross-references
Result: NOTE Found the following Rd file(s) with Rd \link{} targets missing package anchors: rpart.predict.leaves.Rd: rpart treeClust.Rd: rpart.control treeClust.dist.Rd: daisy Please provide package anchors for all Rd \link{} targets not in the package itself and the base packages. Flavors: r-devel-linux-x86_64-debian-clang, r-devel-linux-x86_64-debian-gcc, r-devel-windows-x86_64, r-patched-linux-x86_64, r-release-linux-x86_64, r-release-windows-x86_64