Last updated on 2025-05-07 05:50:46 CEST.
Flavor | Version | Tinstall | Tcheck | Ttotal | Status | Flags |
---|---|---|---|---|---|---|
r-devel-linux-x86_64-debian-clang | 0.0.1 | 5.19 | 52.63 | 57.82 | NOTE | |
r-devel-linux-x86_64-debian-gcc | 0.0.1 | 4.00 | 37.57 | 41.57 | NOTE | |
r-devel-linux-x86_64-fedora-clang | 0.0.1 | 81.61 | NOTE | |||
r-devel-linux-x86_64-fedora-gcc | 0.0.1 | 87.55 | NOTE | |||
r-devel-windows-x86_64 | 0.0.1 | 9.00 | 65.00 | 74.00 | NOTE | |
r-patched-linux-x86_64 | 0.0.1 | 4.89 | 48.69 | 53.58 | NOTE | |
r-release-linux-x86_64 | 0.0.1 | 6.00 | 48.69 | 54.69 | NOTE | |
r-release-macos-arm64 | 0.0.1 | 28.00 | NOTE | |||
r-release-macos-x86_64 | 0.0.1 | 47.00 | NOTE | |||
r-release-windows-x86_64 | 0.0.1 | 8.00 | 64.00 | 72.00 | NOTE | |
r-oldrel-macos-arm64 | 0.0.1 | 28.00 | NOTE | |||
r-oldrel-macos-x86_64 | 0.0.1 | 41.00 | NOTE | |||
r-oldrel-windows-x86_64 | 0.0.1 | 10.00 | 77.00 | 87.00 | NOTE |
Version: 0.0.1
Check: Rd files
Result: NOTE
checkRd: (-1) fixed_width_no_modeling.Rd:26: Lost braces in \itemize; \value handles \item{}{} directly
checkRd: (-1) fixed_width_no_modeling.Rd:27: Lost braces in \itemize; \value handles \item{}{} directly
checkRd: (-1) fixed_width_no_modeling.Rd:28: Lost braces in \itemize; \value handles \item{}{} directly
Flavors: r-devel-linux-x86_64-debian-clang, r-devel-linux-x86_64-debian-gcc, r-devel-linux-x86_64-fedora-clang, r-devel-linux-x86_64-fedora-gcc, r-devel-windows-x86_64, r-patched-linux-x86_64, r-release-linux-x86_64, r-release-macos-arm64, r-release-macos-x86_64, r-release-windows-x86_64, r-oldrel-macos-arm64, r-oldrel-macos-x86_64, r-oldrel-windows-x86_64