Last updated on 2025-05-07 05:50:45 CEST.
Flavor | Version | Tinstall | Tcheck | Ttotal | Status | Flags |
---|---|---|---|---|---|---|
r-devel-linux-x86_64-debian-clang | 0.2.0 | 2.20 | 105.35 | 107.55 | OK | |
r-devel-linux-x86_64-debian-gcc | 0.2.0 | 2.03 | 69.97 | 72.00 | OK | |
r-devel-linux-x86_64-fedora-clang | 0.2.0 | 185.05 | NOTE | |||
r-devel-linux-x86_64-fedora-gcc | 0.2.0 | 184.00 | NOTE | |||
r-devel-windows-x86_64 | 0.2.0 | 4.00 | 114.00 | 118.00 | OK | |
r-patched-linux-x86_64 | 0.2.0 | 2.75 | 99.46 | 102.21 | OK | |
r-release-linux-x86_64 | 0.2.0 | 2.65 | 104.19 | 106.84 | OK | |
r-release-macos-arm64 | 0.2.0 | 57.00 | OK | |||
r-release-macos-x86_64 | 0.2.0 | 116.00 | OK | |||
r-release-windows-x86_64 | 0.2.0 | 5.00 | 113.00 | 118.00 | OK | |
r-oldrel-macos-arm64 | 0.2.0 | 50.00 | OK | |||
r-oldrel-macos-x86_64 | 0.2.0 | 81.00 | OK | |||
r-oldrel-windows-x86_64 | 0.2.0 | 5.00 | 144.00 | 149.00 | OK |
Version: 0.2.0
Check: dependencies in R code
Result: NOTE
Namespace in Imports field not imported from: ‘lwgeom’
All declared Imports should be used.
Flavors: r-devel-linux-x86_64-fedora-clang, r-devel-linux-x86_64-fedora-gcc