Last updated on 2025-05-07 05:50:45 CEST.
Flavor | Version | Tinstall | Tcheck | Ttotal | Status | Flags |
---|---|---|---|---|---|---|
r-devel-linux-x86_64-debian-clang | 0.4.2 | 11.16 | 151.69 | 162.85 | NOTE | |
r-devel-linux-x86_64-debian-gcc | 0.4.2 | 7.99 | 109.06 | 117.05 | NOTE | |
r-devel-linux-x86_64-fedora-clang | 0.4.2 | 262.49 | OK | |||
r-devel-linux-x86_64-fedora-gcc | 0.4.2 | 251.80 | OK | |||
r-devel-windows-x86_64 | 0.4.2 | 13.00 | 158.00 | 171.00 | NOTE | |
r-patched-linux-x86_64 | 0.4.2 | 11.38 | 141.87 | 153.25 | NOTE | |
r-release-linux-x86_64 | 0.4.2 | 10.41 | 141.35 | 151.76 | NOTE | |
r-release-macos-arm64 | 0.4.2 | 101.00 | OK | |||
r-release-macos-x86_64 | 0.4.2 | 157.00 | OK | |||
r-release-windows-x86_64 | 0.4.2 | 12.00 | 156.00 | 168.00 | NOTE | |
r-oldrel-macos-arm64 | 0.4.2 | 84.00 | OK | |||
r-oldrel-macos-x86_64 | 0.4.2 | 138.00 | OK | |||
r-oldrel-windows-x86_64 | 0.4.2 | 18.00 | 191.00 | 209.00 | OK |
Version: 0.4.2
Check: Rd cross-references
Result: NOTE
Found the following Rd file(s) with Rd \link{} targets missing package
anchors:
cast_sparse.Rd: sparseMatrix
document_term_casters.Rd: sparseMatrix
Please provide package anchors for all Rd \link{} targets not in the
package itself and the base packages.
Flavors: r-devel-linux-x86_64-debian-clang, r-devel-linux-x86_64-debian-gcc, r-devel-windows-x86_64, r-patched-linux-x86_64, r-release-linux-x86_64, r-release-windows-x86_64