CRAN Package Check Results for Package tidyr

Last updated on 2025-05-07 05:50:45 CEST.

Flavor Version Tinstall Tcheck Ttotal Status Flags
r-devel-linux-x86_64-debian-clang 1.3.1 15.61 148.17 163.78 NOTE
r-devel-linux-x86_64-debian-gcc 1.3.1 11.24 101.47 112.71 NOTE
r-devel-linux-x86_64-fedora-clang 1.3.1 273.39 NOTE
r-devel-linux-x86_64-fedora-gcc 1.3.1 261.62 NOTE
r-devel-windows-x86_64 1.3.1 22.00 163.00 185.00 NOTE
r-patched-linux-x86_64 1.3.1 17.19 135.21 152.40 NOTE
r-release-linux-x86_64 1.3.1 14.92 135.43 150.35 NOTE
r-release-macos-arm64 1.3.1 83.00 NOTE
r-release-macos-x86_64 1.3.1 161.00 NOTE
r-release-windows-x86_64 1.3.1 22.00 163.00 185.00 NOTE
r-oldrel-macos-arm64 1.3.1 94.00 OK
r-oldrel-macos-x86_64 1.3.1 128.00 OK
r-oldrel-windows-x86_64 1.3.1 26.00 204.00 230.00 OK

Additional issues

rchk

Check Details

Version: 1.3.1
Check: compiled code
Result: NOTE File ‘tidyr/libs/tidyr.so’: Found non-API call to R: ‘DATAPTR’ Compiled code should not call non-API entry points in R. See ‘Writing portable packages’ in the ‘Writing R Extensions’ manual, and section ‘Moving into C API compliance’ for issues with the use of non-API entry points. Flavors: r-devel-linux-x86_64-debian-clang, r-devel-linux-x86_64-debian-gcc, r-devel-linux-x86_64-fedora-clang, r-devel-linux-x86_64-fedora-gcc, r-patched-linux-x86_64, r-release-linux-x86_64, r-release-macos-arm64, r-release-macos-x86_64

Version: 1.3.1
Check: compiled code
Result: NOTE File 'tidyr/libs/x64/tidyr.dll': Found non-API call to R: 'DATAPTR' Compiled code should not call non-API entry points in R. See 'Writing portable packages' in the 'Writing R Extensions' manual, and section 'Moving into C API compliance' for issues with the use of non-API entry points. Flavors: r-devel-windows-x86_64, r-release-windows-x86_64