CRAN Package Check Results for Package syntaxr

Last updated on 2025-05-07 05:50:45 CEST.

Flavor Version Tinstall Tcheck Ttotal Status Flags
r-devel-linux-x86_64-debian-clang 0.8.0 1.77 18.64 20.41 NOTE
r-devel-linux-x86_64-debian-gcc 0.8.0 1.34 15.13 16.47 NOTE
r-devel-linux-x86_64-fedora-clang 0.8.0 31.53 OK
r-devel-linux-x86_64-fedora-gcc 0.8.0 30.34 OK
r-devel-windows-x86_64 0.8.0 3.00 41.00 44.00 OK
r-patched-linux-x86_64 0.8.0 1.48 17.59 19.07 OK
r-release-linux-x86_64 0.8.0 1.58 17.74 19.32 OK
r-release-macos-arm64 0.8.0 14.00 OK
r-release-macos-x86_64 0.8.0 22.00 OK
r-release-windows-x86_64 0.8.0 4.00 43.00 47.00 OK
r-oldrel-macos-arm64 0.8.0 14.00 NOTE
r-oldrel-macos-x86_64 0.8.0 22.00 NOTE
r-oldrel-windows-x86_64 0.8.0 4.00 45.00 49.00 NOTE

Check Details

Version: 0.8.0
Check: CRAN incoming feasibility
Result: NOTE Maintainer: ‘Alix Lahuec <alix.lahuec@mail.mcgill.ca>’ No Authors@R field in DESCRIPTION. Please add one, modifying Authors@R: person(given = "Alix", family = "Lahuec", role = c("aut", "cre"), email = "alix.lahuec@mail.mcgill.ca") as necessary. Flavors: r-devel-linux-x86_64-debian-clang, r-devel-linux-x86_64-debian-gcc

Version: 0.8.0
Check: LazyData
Result: NOTE 'LazyData' is specified without a 'data' directory Flavors: r-oldrel-macos-arm64, r-oldrel-macos-x86_64, r-oldrel-windows-x86_64