CRAN Package Check Results for Package survey

Last updated on 2025-05-07 05:50:45 CEST.

Flavor Version Tinstall Tcheck Ttotal Status Flags
r-devel-linux-x86_64-debian-clang 4.4-2 49.38 357.16 406.54 NOTE
r-devel-linux-x86_64-debian-gcc 4.4-2 33.32 249.19 282.51 NOTE
r-devel-linux-x86_64-fedora-clang 4.4-2 723.19 OK
r-devel-linux-x86_64-fedora-gcc 4.4-2 666.62 OK
r-devel-windows-x86_64 4.4-2 51.00 419.00 470.00 NOTE
r-patched-linux-x86_64 4.4-2 48.50 343.41 391.91 NOTE
r-release-linux-x86_64 4.4-2 46.48 340.64 387.12 NOTE
r-release-macos-arm64 4.4-2 213.00 OK
r-release-macos-x86_64 4.4-2 286.00 ERROR
r-release-windows-x86_64 4.4-2 54.00 409.00 463.00 NOTE
r-oldrel-macos-arm64 4.4-2 171.00 NOTE
r-oldrel-macos-x86_64 4.4-2 376.00 NOTE
r-oldrel-windows-x86_64 4.4-2 69.00 507.00 576.00 OK

Additional issues

gcc-UBSAN

Check Details

Version: 4.4-2
Check: CRAN incoming feasibility
Result: NOTE Maintainer: ‘"Thomas Lumley" <t.lumley@auckland.ac.nz>’ No Authors@R field in DESCRIPTION. Please add one, modifying Authors@R: c(person(given = "Thomas", family = "Lumley", role = "aut"), person(given = "Peter", family = "Gao", role = "aut"), person(given = "Ben", family = "Schneider", role = "aut"), person(given = "\"Thomas", family = "Lumley\"", role = "cre", email = "t.lumley@auckland.ac.nz")) as necessary. Flavors: r-devel-linux-x86_64-debian-clang, r-devel-linux-x86_64-debian-gcc

Version: 4.4-2
Check: Rd cross-references
Result: NOTE Found the following Rd file(s) with Rd \link{} targets missing package anchors: svycoplot.Rd: xyplot svycoxph.Rd: coxph, predict.coxph Please provide package anchors for all Rd \link{} targets not in the package itself and the base packages. Flavors: r-devel-linux-x86_64-debian-clang, r-devel-linux-x86_64-debian-gcc, r-devel-windows-x86_64, r-patched-linux-x86_64, r-release-linux-x86_64, r-release-windows-x86_64

Version: 4.4-2
Check: tests
Result: ERROR Running ‘3stage2phase.R’ [2s/3s] Running ‘DBIcheck.R’ [1s/2s] Running the tests in ‘tests/DBIcheck.R’ failed. Complete output: > > library(survey) Loading required package: grid Loading required package: Matrix Loading required package: survival Attaching package: 'survey' The following object is masked from 'package:graphics': dotchart > library(RSQLite) Error in library(RSQLite) : there is no package called 'RSQLite' Execution halted Flavor: r-release-macos-x86_64

Version: 4.4-2
Check: installed package size
Result: NOTE installed size is 6.8Mb sub-directories of 1Mb or more: R 2.1Mb doc 1.5Mb libs 2.0Mb Flavors: r-oldrel-macos-arm64, r-oldrel-macos-x86_64