Last updated on 2025-05-07 05:50:45 CEST.
Flavor | Version | Tinstall | Tcheck | Ttotal | Status | Flags |
---|---|---|---|---|---|---|
r-devel-linux-x86_64-debian-clang | 1.10.3 | 10.21 | 225.69 | 235.90 | NOTE | |
r-devel-linux-x86_64-debian-gcc | 1.10.3 | 7.21 | 160.70 | 167.91 | NOTE | |
r-devel-linux-x86_64-fedora-clang | 1.10.3 | 292.62 | OK | |||
r-devel-linux-x86_64-fedora-gcc | 1.10.3 | 372.61 | OK | |||
r-devel-windows-x86_64 | 1.10.3 | 12.00 | 216.00 | 228.00 | OK | |
r-patched-linux-x86_64 | 1.10.3 | 12.12 | 211.43 | 223.55 | OK | |
r-release-linux-x86_64 | 1.10.3 | 8.62 | 212.26 | 220.88 | OK | |
r-release-macos-arm64 | 1.10.3 | 162.00 | OK | |||
r-release-macos-x86_64 | 1.10.3 | 244.00 | OK | |||
r-release-windows-x86_64 | 1.10.3 | 13.00 | 213.00 | 226.00 | OK | |
r-oldrel-macos-arm64 | 1.10.3 | 100.00 | OK | |||
r-oldrel-macos-x86_64 | 1.10.3 | 159.00 | OK | |||
r-oldrel-windows-x86_64 | 1.10.3 | 16.00 | 257.00 | 273.00 | OK |
Version: 1.10.3
Check: DESCRIPTION meta-information
Result: NOTE
Author field differs from that derived from Authors@R
Author: ‘Kirill Müller [aut] (<https://orcid.org/0000-0002-1416-3412>), Lorenz Walthert [cre, aut], Indrajeet Patil [ctb] (<https://orcid.org/0000-0003-1995-6531>, @patilindrajeets)’
Authors@R: ‘Kirill Müller [aut] (ORCID: <https://orcid.org/0000-0002-1416-3412>), Lorenz Walthert [cre, aut], Indrajeet Patil [ctb] (ORCID: <https://orcid.org/0000-0003-1995-6531>, Twitter: @patilindrajeets)’
Flavors: r-devel-linux-x86_64-debian-clang, r-devel-linux-x86_64-debian-gcc