CRAN Package Check Results for Package stringfish

Last updated on 2025-05-07 05:50:45 CEST.

Flavor Version Tinstall Tcheck Ttotal Status Flags
r-devel-linux-x86_64-debian-clang 0.16.0 20.26 108.09 128.35 NOTE
r-devel-linux-x86_64-debian-gcc 0.16.0 17.49 73.24 90.73 NOTE
r-devel-linux-x86_64-fedora-clang 0.16.0 220.04 NOTE
r-devel-linux-x86_64-fedora-gcc 0.16.0 235.88 NOTE
r-devel-windows-x86_64 0.16.0 63.00 154.00 217.00 NOTE
r-patched-linux-x86_64 0.16.0 23.05 100.60 123.65 NOTE
r-release-linux-x86_64 0.16.0 20.85 101.96 122.81 NOTE
r-release-macos-arm64 0.16.0 68.00 NOTE
r-release-macos-x86_64 0.16.0 170.00 NOTE
r-release-windows-x86_64 0.16.0 73.00 151.00 224.00 NOTE
r-oldrel-macos-arm64 0.16.0 42.00 NOTE
r-oldrel-macos-x86_64 0.16.0 71.00 NOTE
r-oldrel-windows-x86_64 0.16.0 83.00 189.00 272.00 NOTE

Check Details

Version: 0.16.0
Check: compiled code
Result: NOTE File ‘stringfish/libs/stringfish.so’: Found non-API calls to R: ‘DATAPTR’, ‘LEVELS’, ‘STDVEC_DATAPTR’ Compiled code should not call non-API entry points in R. See ‘Writing portable packages’ in the ‘Writing R Extensions’ manual, and section ‘Moving into C API compliance’ for issues with the use of non-API entry points. Flavors: r-devel-linux-x86_64-debian-clang, r-devel-linux-x86_64-debian-gcc, r-devel-linux-x86_64-fedora-clang, r-devel-linux-x86_64-fedora-gcc, r-patched-linux-x86_64, r-release-linux-x86_64, r-release-macos-arm64, r-release-macos-x86_64

Version: 0.16.0
Check: compiled code
Result: NOTE File 'stringfish/libs/x64/stringfish.dll': Found non-API calls to R: 'DATAPTR', 'LEVELS', 'STDVEC_DATAPTR' Compiled code should not call non-API entry points in R. See 'Writing portable packages' in the 'Writing R Extensions' manual, and section 'Moving into C API compliance' for issues with the use of non-API entry points. Flavors: r-devel-windows-x86_64, r-release-windows-x86_64

Version: 0.16.0
Check: for GNU extensions in Makefiles
Result: NOTE GNU make is a SystemRequirements. Flavors: r-oldrel-macos-arm64, r-oldrel-macos-x86_64, r-oldrel-windows-x86_64