Last updated on 2025-05-07 05:50:44 CEST.
Flavor | Version | Tinstall | Tcheck | Ttotal | Status | Flags |
---|---|---|---|---|---|---|
r-devel-linux-x86_64-debian-clang | 1.0.9 | 10.18 | 198.96 | 209.14 | OK | |
r-devel-linux-x86_64-debian-gcc | 1.0.9 | 6.20 | 138.08 | 144.28 | OK | |
r-devel-linux-x86_64-fedora-clang | 1.0.9 | 358.05 | OK | |||
r-devel-linux-x86_64-fedora-gcc | 1.0.9 | 347.51 | OK | |||
r-devel-windows-x86_64 | 1.0.9 | 11.00 | 191.00 | 202.00 | OK | |
r-patched-linux-x86_64 | 1.0.9 | 10.23 | 191.69 | 201.92 | OK | |
r-release-linux-x86_64 | 1.0.9 | 10.04 | 190.44 | 200.48 | OK | |
r-release-macos-arm64 | 1.0.9 | 111.00 | OK | |||
r-release-macos-x86_64 | 1.0.9 | 243.00 | OK | |||
r-release-windows-x86_64 | 1.0.9 | 14.00 | 190.00 | 204.00 | OK | |
r-oldrel-macos-arm64 | 1.0.9 | 115.00 | NOTE | |||
r-oldrel-macos-x86_64 | 1.0.9 | 216.00 | NOTE | |||
r-oldrel-windows-x86_64 | 1.0.9 | 16.00 | 257.00 | 273.00 | NOTE |
Version: 1.0.9
Check: package dependencies
Result: NOTE
Package suggested but not available for checking: ‘asreml’
Flavors: r-oldrel-macos-arm64, r-oldrel-macos-x86_64, r-oldrel-windows-x86_64