CRAN Package Check Results for Package snow

Last updated on 2025-05-07 05:50:44 CEST.

Flavor Version Tinstall Tcheck Ttotal Status Flags
r-devel-linux-x86_64-debian-clang 0.4-4 2.52 22.37 24.89 NOTE
r-devel-linux-x86_64-debian-gcc 0.4-4 1.83 17.78 19.61 NOTE
r-devel-linux-x86_64-fedora-clang 0.4-4 38.78 OK
r-devel-linux-x86_64-fedora-gcc 0.4-4 36.62 OK
r-devel-windows-x86_64 0.4-4 3.00 48.00 51.00 OK
r-patched-linux-x86_64 0.4-4 2.16 21.87 24.03 OK
r-release-linux-x86_64 0.4-4 1.92 21.55 23.47 OK
r-release-macos-arm64 0.4-4 19.00 OK
r-release-macos-x86_64 0.4-4 35.00 OK
r-release-windows-x86_64 0.4-4 5.00 53.00 58.00 OK
r-oldrel-macos-arm64 0.4-4 24.00 NOTE
r-oldrel-macos-x86_64 0.4-4 29.00 NOTE
r-oldrel-windows-x86_64 0.4-4 4.00 47.00 51.00 OK

Check Details

Version: 0.4-4
Check: CRAN incoming feasibility
Result: NOTE Maintainer: ‘Luke Tierney <luke-tierney@uiowa.edu>’ No Authors@R field in DESCRIPTION. Please add one, modifying Authors@R: c(person(given = "Luke", family = "Tierney", role = c("aut", "cre"), email = "luke-tierney@uiowa.edu"), person(given = c("A.", "J."), family = "Rossini", role = "aut"), person(given = "Na", family = "Li", role = "aut"), person(given = "H.", family = "Sevcikova", role = "aut")) as necessary. Flavors: r-devel-linux-x86_64-debian-clang, r-devel-linux-x86_64-debian-gcc

Version: 0.4-4
Check: package dependencies
Result: NOTE Package which this enhances but not available for checking: ‘Rmpi’ Flavors: r-oldrel-macos-arm64, r-oldrel-macos-x86_64