CRAN Package Check Results for Package sisVIVE

Last updated on 2025-10-12 05:50:11 CEST.

Flavor Version Tinstall Tcheck Ttotal Status Flags
r-devel-linux-x86_64-debian-clang 1.4 1.95 19.87 21.82 NOTE
r-devel-linux-x86_64-debian-gcc 1.4 1.49 16.12 17.61 NOTE
r-devel-linux-x86_64-fedora-clang 1.4 33.76 OK
r-devel-linux-x86_64-fedora-gcc 1.4 30.40 OK
r-devel-windows-x86_64 1.4 3.00 38.00 41.00 OK
r-patched-linux-x86_64 1.4 1.67 18.82 20.49 OK
r-release-linux-x86_64 1.4 1.81 18.66 20.47 OK
r-release-macos-arm64 1.4 18.00 OK
r-release-macos-x86_64 1.4 26.00 OK
r-release-windows-x86_64 1.4 3.00 41.00 44.00 OK
r-oldrel-macos-arm64 1.4 15.00 OK
r-oldrel-macos-x86_64 1.4 23.00 OK
r-oldrel-windows-x86_64 1.4 2.00 44.00 46.00 OK

Check Details

Version: 1.4
Check: CRAN incoming feasibility
Result: NOTE Maintainer: ‘Hyunseung Kang <hyunseung@stat.wisc.edu>’ No Authors@R field in DESCRIPTION. Please add one, modifying Authors@R: person(given = "Hyunseung", family = "Kang", role = c("aut", "cre"), email = "hyunseung@stat.wisc.edu") as necessary. Flavors: r-devel-linux-x86_64-debian-clang, r-devel-linux-x86_64-debian-gcc