CRAN Package Check Results for Package simulMGF

Last updated on 2025-10-12 05:50:11 CEST.

Flavor Version Tinstall Tcheck Ttotal Status Flags
r-devel-linux-x86_64-debian-clang 0.1.1 1.82 20.92 22.74 NOTE
r-devel-linux-x86_64-debian-gcc 0.1.1 1.49 17.23 18.72 NOTE
r-devel-linux-x86_64-fedora-clang 0.1.1 35.43 OK
r-devel-linux-x86_64-fedora-gcc 0.1.1 31.61 OK
r-devel-windows-x86_64 0.1.1 4.00 76.00 80.00 OK
r-patched-linux-x86_64 0.1.1 1.95 19.98 21.93 OK
r-release-linux-x86_64 0.1.1 1.74 19.88 21.62 OK
r-release-macos-arm64 0.1.1 16.00 OK
r-release-macos-x86_64 0.1.1 24.00 OK
r-release-windows-x86_64 0.1.1 3.00 41.00 44.00 OK
r-oldrel-macos-arm64 0.1.1 14.00 OK
r-oldrel-macos-x86_64 0.1.1 21.00 OK
r-oldrel-windows-x86_64 0.1.1 3.00 45.00 48.00 OK

Check Details

Version: 0.1.1
Check: CRAN incoming feasibility
Result: NOTE Maintainer: ‘Martin Nahuel Garcia <garcia.martin@inta.gob.ar>’ No Authors@R field in DESCRIPTION. Please add one, modifying Authors@R: person(given = c("Martin", "Nahuel"), family = "Garcia", role = c("aut", "cre"), email = "garcia.martin@inta.gob.ar") as necessary. Flavors: r-devel-linux-x86_64-debian-clang, r-devel-linux-x86_64-debian-gcc