Last updated on 2025-05-07 05:50:43 CEST.
Flavor | Version | Tinstall | Tcheck | Ttotal | Status | Flags |
---|---|---|---|---|---|---|
r-devel-linux-x86_64-debian-clang | 0.1.0 | 1.66 | 20.04 | 21.70 | NOTE | |
r-devel-linux-x86_64-debian-gcc | 0.1.0 | 1.31 | 16.48 | 17.79 | NOTE | |
r-devel-linux-x86_64-fedora-clang | 0.1.0 | 32.76 | NOTE | |||
r-devel-linux-x86_64-fedora-gcc | 0.1.0 | 30.73 | NOTE | |||
r-devel-windows-x86_64 | 0.1.0 | 3.00 | 40.00 | 43.00 | NOTE | |
r-patched-linux-x86_64 | 0.1.0 | 1.79 | 18.47 | 20.26 | NOTE | |
r-release-linux-x86_64 | 0.1.0 | 1.68 | 18.42 | 20.10 | NOTE | |
r-release-macos-arm64 | 0.1.0 | 19.00 | NOTE | |||
r-release-macos-x86_64 | 0.1.0 | 25.00 | NOTE | |||
r-release-windows-x86_64 | 0.1.0 | 3.00 | 41.00 | 44.00 | NOTE | |
r-oldrel-macos-arm64 | 0.1.0 | 16.00 | NOTE | |||
r-oldrel-macos-x86_64 | 0.1.0 | 21.00 | NOTE | |||
r-oldrel-windows-x86_64 | 0.1.0 | 5.00 | 45.00 | 50.00 | NOTE |
Version: 0.1.0
Check: Rd files
Result: NOTE
checkRd: (-1) run_shinytitle_example.Rd:18: Lost braces in \itemize; meant \describe ?
checkRd: (-1) run_shinytitle_example.Rd:19: Lost braces in \itemize; meant \describe ?
Flavors: r-devel-linux-x86_64-debian-clang, r-devel-linux-x86_64-debian-gcc, r-devel-linux-x86_64-fedora-clang, r-devel-linux-x86_64-fedora-gcc, r-devel-windows-x86_64, r-patched-linux-x86_64, r-release-linux-x86_64, r-release-macos-arm64, r-release-macos-x86_64, r-release-windows-x86_64, r-oldrel-macos-arm64, r-oldrel-macos-x86_64, r-oldrel-windows-x86_64