CRAN Package Check Results for Package shinyNotes

Last updated on 2025-05-07 05:50:43 CEST.

Flavor Version Tinstall Tcheck Ttotal Status Flags
r-devel-linux-x86_64-debian-clang 0.0.2 4.58 40.78 45.36 NOTE
r-devel-linux-x86_64-debian-gcc 0.0.2 3.36 31.09 34.45 NOTE
r-devel-linux-x86_64-fedora-clang 0.0.2 79.24 OK
r-devel-linux-x86_64-fedora-gcc 0.0.2 88.53 OK
r-devel-windows-x86_64 0.0.2 7.00 61.00 68.00 NOTE
r-patched-linux-x86_64 0.0.2 4.55 39.10 43.65 NOTE
r-release-linux-x86_64 0.0.2 4.39 39.04 43.43 NOTE
r-release-macos-arm64 0.0.2 36.00 OK
r-release-macos-x86_64 0.0.2 54.00 OK
r-release-windows-x86_64 0.0.2 7.00 60.00 67.00 NOTE
r-oldrel-macos-arm64 0.0.2 31.00 OK
r-oldrel-macos-x86_64 0.0.2 45.00 OK
r-oldrel-windows-x86_64 0.0.2 7.00 72.00 79.00 OK

Check Details

Version: 0.0.2
Check: Rd cross-references
Result: NOTE Found the following Rd file(s) with Rd \link{} targets missing package anchors: connect_sqlite.Rd: RSQLite, DBI create_schema.Rd: RSQLite, DBI db.read_table.Rd: DBI, tibble db.write_table.Rd: DBI shinynotes.Rd: DBI Please provide package anchors for all Rd \link{} targets not in the package itself and the base packages. Flavors: r-devel-linux-x86_64-debian-clang, r-devel-linux-x86_64-debian-gcc, r-devel-windows-x86_64, r-patched-linux-x86_64, r-release-linux-x86_64, r-release-windows-x86_64