CRAN Package Check Results for Package sfcurve

Last updated on 2025-05-07 05:50:43 CEST.

Flavor Version Tinstall Tcheck Ttotal Status Flags
r-devel-linux-x86_64-debian-clang 1.0.0 44.99 90.14 135.13 NOTE
r-devel-linux-x86_64-debian-gcc 1.0.0 34.32 59.81 94.13 NOTE
r-devel-linux-x86_64-fedora-clang 1.0.0 254.33 NOTE
r-devel-linux-x86_64-fedora-gcc 1.0.0 253.72 NOTE
r-devel-windows-x86_64 1.0.0 47.00 128.00 175.00 NOTE
r-patched-linux-x86_64 1.0.0 51.17 84.59 135.76 NOTE
r-release-linux-x86_64 1.0.0 49.23 85.97 135.20 NOTE
r-release-macos-arm64 1.0.0 64.00 NOTE
r-release-macos-x86_64 1.0.0 115.00 NOTE
r-release-windows-x86_64 1.0.0 47.00 117.00 164.00 NOTE
r-oldrel-macos-arm64 1.0.0 59.00 OK
r-oldrel-macos-x86_64 1.0.0 124.00 OK
r-oldrel-windows-x86_64 1.0.0 43.00 155.00 198.00 OK

Check Details

Version: 1.0.0
Check: DESCRIPTION meta-information
Result: NOTE Missing dependency on R >= 4.1.0 because package code uses the pipe |> or function shorthand \(...) syntax added in R 4.1.0. File(s) using such syntax: ‘h_curve.Rd’ ‘sfc_4x4_meander.Rd’ ‘sfc_generator.Rd’ ‘spacefilling.Rd’ Flavors: r-devel-linux-x86_64-debian-clang, r-devel-linux-x86_64-debian-gcc, r-devel-linux-x86_64-fedora-clang, r-devel-linux-x86_64-fedora-gcc, r-devel-windows-x86_64, r-patched-linux-x86_64, r-release-linux-x86_64, r-release-macos-arm64, r-release-macos-x86_64, r-release-windows-x86_64