Last updated on 2025-05-07 05:50:43 CEST.
Flavor | Version | Tinstall | Tcheck | Ttotal | Status | Flags |
---|---|---|---|---|---|---|
r-devel-linux-x86_64-debian-clang | 1.4-0 | 1.78 | 25.07 | 26.85 | NOTE | |
r-devel-linux-x86_64-debian-gcc | 1.4-0 | 1.50 | 20.30 | 21.80 | NOTE | |
r-devel-linux-x86_64-fedora-clang | 1.4-0 | 40.64 | NOTE | |||
r-devel-linux-x86_64-fedora-gcc | 1.4-0 | 54.33 | NOTE | |||
r-devel-windows-x86_64 | 1.4-0 | 2.00 | 45.00 | 47.00 | NOTE | |
r-patched-linux-x86_64 | 1.4-0 | 2.16 | 22.15 | 24.31 | NOTE | |
r-release-linux-x86_64 | 1.4-0 | 1.83 | 22.15 | 23.98 | NOTE | |
r-release-macos-arm64 | 1.4-0 | 21.00 | NOTE | |||
r-release-macos-x86_64 | 1.4-0 | 42.00 | NOTE | |||
r-release-windows-x86_64 | 1.4-0 | 3.00 | 46.00 | 49.00 | NOTE | |
r-oldrel-macos-arm64 | 1.4-0 | 26.00 | NOTE | |||
r-oldrel-macos-x86_64 | 1.4-0 | 34.00 | NOTE | |||
r-oldrel-windows-x86_64 | 1.4-0 | 3.00 | 53.00 | 56.00 | NOTE |
Version: 1.4-0
Check: Rd files
Result: NOTE
checkRd: (-1) sendmail_options.Rd:32-35: Lost braces in \itemize; meant \describe ?
checkRd: (-1) sendmail_options.Rd:36-37: Lost braces in \itemize; meant \describe ?
checkRd: (-1) sendmail_options.Rd:38-39: Lost braces in \itemize; meant \describe ?
Flavors: r-devel-linux-x86_64-debian-clang, r-devel-linux-x86_64-debian-gcc, r-devel-linux-x86_64-fedora-clang, r-devel-linux-x86_64-fedora-gcc, r-devel-windows-x86_64, r-patched-linux-x86_64, r-release-linux-x86_64, r-release-macos-arm64, r-release-macos-x86_64, r-release-windows-x86_64, r-oldrel-macos-arm64, r-oldrel-macos-x86_64, r-oldrel-windows-x86_64