Last updated on 2025-05-07 05:50:43 CEST.
Flavor | Version | Tinstall | Tcheck | Ttotal | Status | Flags |
---|---|---|---|---|---|---|
r-devel-linux-x86_64-debian-clang | 1.0.0 | 10.71 | 48.66 | 59.37 | OK | |
r-devel-linux-x86_64-debian-gcc | 1.0.0 | 6.78 | 35.85 | 42.63 | OK | |
r-devel-linux-x86_64-fedora-clang | 1.0.0 | 95.35 | NOTE | |||
r-devel-linux-x86_64-fedora-gcc | 1.0.0 | 102.45 | NOTE | |||
r-devel-windows-x86_64 | 1.0.0 | 10.00 | 66.00 | 76.00 | OK | |
r-patched-linux-x86_64 | 1.0.0 | 10.05 | 43.96 | 54.01 | OK | |
r-release-linux-x86_64 | 1.0.0 | 9.79 | 43.81 | 53.60 | OK | |
r-release-macos-arm64 | 1.0.0 | 36.00 | OK | |||
r-release-macos-x86_64 | 1.0.0 | 62.00 | OK | |||
r-release-windows-x86_64 | 1.0.0 | 10.00 | 64.00 | 74.00 | OK | |
r-oldrel-macos-arm64 | 1.0.0 | 38.00 | OK | |||
r-oldrel-macos-x86_64 | 1.0.0 | 53.00 | OK | |||
r-oldrel-windows-x86_64 | 1.0.0 | 13.00 | 79.00 | 92.00 | OK |
Version: 1.0.0
Check: dependencies in R code
Result: NOTE
Namespace in Imports field not imported from: ‘reticulate’
All declared Imports should be used.
Flavors: r-devel-linux-x86_64-fedora-clang, r-devel-linux-x86_64-fedora-gcc