Last updated on 2025-10-12 05:50:11 CEST.
Flavor | Version | Tinstall | Tcheck | Ttotal | Status | Flags |
---|---|---|---|---|---|---|
r-devel-linux-x86_64-debian-clang | 1.0.4 | 22.91 | 98.72 | 121.63 | NOTE | |
r-devel-linux-x86_64-debian-gcc | 1.0.4 | 16.88 | 69.69 | 86.57 | NOTE | |
r-devel-linux-x86_64-fedora-clang | 1.0.4 | 200.79 | NOTE | |||
r-devel-linux-x86_64-fedora-gcc | 1.0.4 | 190.25 | NOTE | |||
r-devel-windows-x86_64 | 1.0.4 | 27.00 | 155.00 | 182.00 | NOTE | |
r-patched-linux-x86_64 | 1.0.4 | 24.85 | 96.45 | 121.30 | NOTE | |
r-release-linux-x86_64 | 1.0.4 | 25.22 | 95.07 | 120.29 | NOTE | |
r-release-macos-arm64 | 1.0.4 | 59.00 | NOTE | |||
r-release-macos-x86_64 | 1.0.4 | 123.00 | NOTE | |||
r-release-windows-x86_64 | 1.0.4 | 26.00 | 159.00 | 185.00 | NOTE | |
r-oldrel-macos-arm64 | 1.0.4 | 62.00 | NOTE | |||
r-oldrel-macos-x86_64 | 1.0.4 | 103.00 | NOTE | |||
r-oldrel-windows-x86_64 | 1.0.4 | 29.00 | 195.00 | 224.00 | NOTE |
Version: 1.0.4
Check: C++ specification
Result: NOTE
Specified C++11: please drop specification unless essential
Flavors: r-devel-linux-x86_64-debian-clang, r-devel-linux-x86_64-debian-gcc, r-devel-linux-x86_64-fedora-clang, r-devel-linux-x86_64-fedora-gcc, r-devel-windows-x86_64, r-patched-linux-x86_64, r-release-linux-x86_64, r-release-macos-arm64, r-release-macos-x86_64, r-release-windows-x86_64, r-oldrel-macos-arm64, r-oldrel-macos-x86_64, r-oldrel-windows-x86_64