Last updated on 2025-05-10 05:55:42 CEST.
Flavor | Version | Tinstall | Tcheck | Ttotal | Status | Flags |
---|---|---|---|---|---|---|
r-devel-linux-x86_64-debian-clang | 0.2-4 | 1.83 | 17.48 | 19.31 | NOTE | |
r-devel-linux-x86_64-debian-gcc | 0.2-4 | 1.57 | 14.17 | 15.74 | NOTE | |
r-devel-linux-x86_64-fedora-clang | 0.2-4 | 31.02 | OK | |||
r-devel-linux-x86_64-fedora-gcc | 0.2-4 | 30.71 | OK | |||
r-devel-windows-x86_64 | 0.2-4 | 3.00 | 35.00 | 38.00 | OK | |
r-patched-linux-x86_64 | 0.2-4 | 1.91 | 16.66 | 18.57 | OK | |
r-release-linux-x86_64 | 0.2-4 | 1.85 | 16.54 | 18.39 | OK | |
r-release-macos-arm64 | 0.2-4 | 16.00 | OK | |||
r-release-macos-x86_64 | 0.2-4 | 21.00 | OK | |||
r-release-windows-x86_64 | 0.2-4 | 3.00 | 38.00 | 41.00 | OK | |
r-oldrel-macos-arm64 | 0.2-4 | 13.00 | OK | |||
r-oldrel-macos-x86_64 | 0.2-4 | 24.00 | OK | |||
r-oldrel-windows-x86_64 | 0.2-4 | 2.00 | 35.00 | 37.00 | OK |
Version: 0.2-4
Check: CRAN incoming feasibility
Result: NOTE
Maintainer: ‘Ralph Scherer <shearer.ra76@gmail.com>’
No Authors@R field in DESCRIPTION.
Please add one, modifying
Authors@R: person(given = "Ralph",
family = "Scherer",
role = c("aut", "cre"),
email = "shearer.ra76@gmail.com")
as necessary.
Flavors: r-devel-linux-x86_64-debian-clang, r-devel-linux-x86_64-debian-gcc