CRAN Package Check Results for Package sae

Last updated on 2025-05-07 05:50:42 CEST.

Flavor Version Tinstall Tcheck Ttotal Status Flags
r-devel-linux-x86_64-debian-clang 1.3 10.85 124.20 135.05 NOTE
r-devel-linux-x86_64-debian-gcc 1.3 8.37 94.81 103.18 NOTE
r-devel-linux-x86_64-fedora-clang 1.3 224.13 NOTE
r-devel-linux-x86_64-fedora-gcc 1.3 235.38 NOTE
r-devel-windows-x86_64 1.3 13.00 158.00 171.00 NOTE
r-patched-linux-x86_64 1.3 11.16 125.83 136.99 NOTE
r-release-linux-x86_64 1.3 9.87 126.34 136.21 NOTE
r-release-macos-arm64 1.3 141.00 NOTE
r-release-macos-x86_64 1.3 221.00 NOTE
r-release-windows-x86_64 1.3 12.00 161.00 173.00 NOTE
r-oldrel-macos-arm64 1.3 70.00 NOTE
r-oldrel-macos-x86_64 1.3 108.00 NOTE
r-oldrel-windows-x86_64 1.3 17.00 189.00 206.00 NOTE

Check Details

Version: 1.3
Check: CRAN incoming feasibility
Result: NOTE Maintainer: ‘Yolanda Marhuenda <y.marhuenda@umh.es>’ No Authors@R field in DESCRIPTION. Please add one, modifying Authors@R: c(person(given = "Isabel", family = "Molina", role = "aut"), person(given = "Yolanda", family = "Marhuenda", role = c("aut", "cre"), email = "y.marhuenda@umh.es")) as necessary. Flavors: r-devel-linux-x86_64-debian-clang, r-devel-linux-x86_64-debian-gcc

Version: 1.3
Check: Rd files
Result: NOTE checkRd: (-1) ebBHF.Rd:50: Lost braces in \itemize; \value handles \item{}{} directly checkRd: (-1) ebBHF.Rd:51: Lost braces in \itemize; \value handles \item{}{} directly checkRd: (-1) ebBHF.Rd:52: Lost braces in \itemize; \value handles \item{}{} directly checkRd: (-1) ebBHF.Rd:53: Lost braces in \itemize; \value handles \item{}{} directly checkRd: (-1) ebBHF.Rd:54: Lost braces in \itemize; \value handles \item{}{} directly checkRd: (-1) ebBHF.Rd:55: Lost braces in \itemize; \value handles \item{}{} directly checkRd: (-1) ebBHF.Rd:56: Lost braces in \itemize; \value handles \item{}{} directly checkRd: (-1) eblupBHF.Rd:45: Lost braces in \itemize; \value handles \item{}{} directly checkRd: (-1) eblupBHF.Rd:46: Lost braces in \itemize; \value handles \item{}{} directly checkRd: (-1) eblupBHF.Rd:47: Lost braces in \itemize; \value handles \item{}{} directly checkRd: (-1) eblupBHF.Rd:48: Lost braces in \itemize; \value handles \item{}{} directly checkRd: (-1) eblupBHF.Rd:49: Lost braces in \itemize; \value handles \item{}{} directly checkRd: (-1) eblupBHF.Rd:50: Lost braces in \itemize; \value handles \item{}{} directly checkRd: (-1) eblupBHF.Rd:51: Lost braces in \itemize; \value handles \item{}{} directly checkRd: (-1) eblupFH.Rd:34: Lost braces in \itemize; \value handles \item{}{} directly checkRd: (-1) eblupFH.Rd:35: Lost braces in \itemize; \value handles \item{}{} directly checkRd: (-1) eblupFH.Rd:36: Lost braces in \itemize; \value handles \item{}{} directly checkRd: (-1) eblupFH.Rd:37-40: Lost braces in \itemize; \value handles \item{}{} directly checkRd: (-1) eblupFH.Rd:41: Lost braces in \itemize; \value handles \item{}{} directly checkRd: (-1) eblupFH.Rd:42: Lost braces in \itemize; \value handles \item{}{} directly checkRd: (-1) eblupSFH.Rd:36: Lost braces in \itemize; \value handles \item{}{} directly checkRd: (-1) eblupSFH.Rd:37: Lost braces in \itemize; \value handles \item{}{} directly checkRd: (-1) eblupSFH.Rd:38: Lost braces in \itemize; \value handles \item{}{} directly checkRd: (-1) eblupSFH.Rd:39-42: Lost braces in \itemize; \value handles \item{}{} directly checkRd: (-1) eblupSFH.Rd:43: Lost braces in \itemize; \value handles \item{}{} directly checkRd: (-1) eblupSFH.Rd:44: Lost braces in \itemize; \value handles \item{}{} directly checkRd: (-1) eblupSFH.Rd:45: Lost braces in \itemize; \value handles \item{}{} directly checkRd: (-1) eblupSTFH.Rd:53: Lost braces in \itemize; \value handles \item{}{} directly checkRd: (-1) eblupSTFH.Rd:54: Lost braces in \itemize; \value handles \item{}{} directly checkRd: (-1) eblupSTFH.Rd:55: Lost braces in \itemize; \value handles \item{}{} directly checkRd: (-1) eblupSTFH.Rd:56-59: Lost braces in \itemize; \value handles \item{}{} directly checkRd: (-1) eblupSTFH.Rd:60: Lost braces in \itemize; \value handles \item{}{} directly checkRd: (-1) eblupSTFH.Rd:61: Lost braces in \itemize; \value handles \item{}{} directly checkRd: (-1) eblupSTFH.Rd:62: Lost braces in \itemize; \value handles \item{}{} directly Flavors: r-devel-linux-x86_64-debian-clang, r-devel-linux-x86_64-debian-gcc, r-devel-linux-x86_64-fedora-clang, r-devel-linux-x86_64-fedora-gcc, r-devel-windows-x86_64, r-patched-linux-x86_64, r-release-linux-x86_64, r-release-macos-arm64, r-release-macos-x86_64, r-release-windows-x86_64, r-oldrel-macos-arm64, r-oldrel-macos-x86_64, r-oldrel-windows-x86_64