Last updated on 2025-05-08 05:52:02 CEST.
Flavor | Version | Tinstall | Tcheck | Ttotal | Status | Flags |
---|---|---|---|---|---|---|
r-devel-linux-x86_64-debian-clang | 1.0.27 | 3.09 | 25.18 | 28.27 | NOTE | |
r-devel-linux-x86_64-debian-gcc | 1.0.27 | 2.04 | 19.48 | 21.52 | NOTE | |
r-devel-linux-x86_64-fedora-clang | 1.0.27 | 46.76 | OK | |||
r-devel-linux-x86_64-fedora-gcc | 1.0.27 | 45.83 | OK | |||
r-devel-windows-x86_64 | 1.0.27 | 4.00 | 47.00 | 51.00 | OK | |
r-patched-linux-x86_64 | 1.0.27 | 3.27 | 24.23 | 27.50 | OK | |
r-release-linux-x86_64 | 1.0.27 | 2.58 | 23.79 | 26.37 | OK | |
r-release-macos-arm64 | 1.0.27 | 18.00 | OK | |||
r-release-macos-x86_64 | 1.0.27 | 34.00 | OK | |||
r-release-windows-x86_64 | 1.0.27 | 5.00 | 47.00 | 52.00 | OK | |
r-oldrel-macos-arm64 | 1.0.27 | 16.00 | OK | |||
r-oldrel-macos-x86_64 | 1.0.27 | 25.00 | OK | |||
r-oldrel-windows-x86_64 | 1.0.27 | 6.00 | 52.00 | 58.00 | OK |
Version: 1.0.27
Check: CRAN incoming feasibility
Result: NOTE
Maintainer: ‘David Hervas <ddhervas@yahoo.es>’
No Authors@R field in DESCRIPTION.
Please add one, modifying
Authors@R: person(given = "David",
family = "Hervas",
role = c("aut", "cre"),
email = "ddhervas@yahoo.es")
as necessary.
Flavors: r-devel-linux-x86_64-debian-clang, r-devel-linux-x86_64-debian-gcc