Last updated on 2025-05-08 05:52:00 CEST.
Flavor | Version | Tinstall | Tcheck | Ttotal | Status | Flags |
---|---|---|---|---|---|---|
r-devel-linux-x86_64-debian-clang | 0.0.3 | 4.97 | 43.77 | 48.74 | NOTE | |
r-devel-linux-x86_64-debian-gcc | 0.0.3 | 4.47 | 32.35 | 36.82 | NOTE | |
r-devel-linux-x86_64-fedora-clang | 0.0.3 | 70.76 | OK | |||
r-devel-linux-x86_64-fedora-gcc | 0.0.3 | 79.32 | OK | |||
r-devel-windows-x86_64 | 0.0.3 | 7.00 | 57.00 | 64.00 | OK | |
r-patched-linux-x86_64 | 0.0.3 | 4.81 | 40.06 | 44.87 | OK | |
r-release-linux-x86_64 | 0.0.3 | 3.72 | 40.33 | 44.05 | OK | |
r-release-macos-arm64 | 0.0.3 | 24.00 | OK | |||
r-release-macos-x86_64 | 0.0.3 | 43.00 | OK | |||
r-release-windows-x86_64 | 0.0.3 | 7.00 | 59.00 | 66.00 | OK | |
r-oldrel-macos-arm64 | 0.0.3 | 24.00 | NOTE | |||
r-oldrel-macos-x86_64 | 0.0.3 | 55.00 | NOTE | |||
r-oldrel-windows-x86_64 | 0.0.3 | 9.00 | 67.00 | 76.00 | NOTE |
Version: 0.0.3
Check: CRAN incoming feasibility
Result: NOTE
Maintainer: ‘Martin Chan <martinchan53@gmail.com>’
No Authors@R field in DESCRIPTION.
Please add one, modifying
Authors@R: person(given = "Martin",
family = "Chan",
role = c("aut", "cre"),
email = "martinchan53@gmail.com")
as necessary.
Flavors: r-devel-linux-x86_64-debian-clang, r-devel-linux-x86_64-debian-gcc
Version: 0.0.3
Check: LazyData
Result: NOTE
'LazyData' is specified without a 'data' directory
Flavors: r-oldrel-macos-arm64, r-oldrel-macos-x86_64, r-oldrel-windows-x86_64