CRAN Package Check Results for Package rtemps

Last updated on 2025-10-12 05:50:10 CEST.

Flavor Version Tinstall Tcheck Ttotal Status Flags
r-devel-linux-x86_64-debian-clang 0.8.0 1.72 22.10 23.82 OK
r-devel-linux-x86_64-debian-gcc 0.8.0 1.35 18.26 19.61 OK
r-devel-linux-x86_64-fedora-clang 0.8.0 32.72 OK
r-devel-linux-x86_64-fedora-gcc 0.8.0 33.12 OK
r-devel-windows-x86_64 0.8.0 5.00 42.00 47.00 OK
r-patched-linux-x86_64 0.8.0 1.81 19.68 21.49 OK
r-release-linux-x86_64 0.8.0 1.80 19.78 21.58 OK
r-release-macos-arm64 0.8.0 15.00 OK
r-release-macos-x86_64 0.8.0 33.00 OK
r-release-windows-x86_64 0.8.0 4.00 45.00 49.00 OK
r-oldrel-macos-arm64 0.8.0 15.00 NOTE
r-oldrel-macos-x86_64 0.8.0 23.00 NOTE
r-oldrel-windows-x86_64 0.8.0 4.00 48.00 52.00 NOTE

Check Details

Version: 0.8.0
Check: LazyData
Result: NOTE 'LazyData' is specified without a 'data' directory Flavors: r-oldrel-macos-arm64, r-oldrel-macos-x86_64, r-oldrel-windows-x86_64