Last updated on 2025-05-07 05:50:42 CEST.
Flavor | Version | Tinstall | Tcheck | Ttotal | Status | Flags |
---|---|---|---|---|---|---|
r-devel-linux-x86_64-debian-clang | 2.1.2 | 14.61 | 108.18 | 122.79 | NOTE | |
r-devel-linux-x86_64-debian-gcc | 2.1.2 | 10.26 | 74.90 | 85.16 | NOTE | |
r-devel-linux-x86_64-fedora-clang | 2.1.2 | 185.59 | OK | |||
r-devel-linux-x86_64-fedora-gcc | 2.1.2 | 196.82 | OK | |||
r-devel-windows-x86_64 | 2.1.2 | 15.00 | 114.00 | 129.00 | OK | |
r-patched-linux-x86_64 | 2.1.2 | 14.25 | 100.73 | 114.98 | OK | |
r-release-linux-x86_64 | 2.1.2 | 14.34 | 100.15 | 114.49 | OK | |
r-release-macos-arm64 | 2.1.2 | 54.00 | OK | |||
r-release-macos-x86_64 | 2.1.2 | 95.00 | OK | |||
r-release-windows-x86_64 | 2.1.2 | 15.00 | 116.00 | 131.00 | OK | |
r-oldrel-macos-arm64 | 2.1.2 | 46.00 | OK | |||
r-oldrel-macos-x86_64 | 2.1.2 | 70.00 | OK | |||
r-oldrel-windows-x86_64 | 2.1.2 | 21.00 | 149.00 | 170.00 | OK |
Version: 2.1.2
Check: CRAN incoming feasibility
Result: NOTE
Maintainer: ‘Matthias Greiner <matthias.greiner@bfr.bund.de>’
Found the following \keyword or \concept entries
which likely give several index terms:
File ‘rriskDistributions-package.Rd’:
\concept{
Beta, Normal, Lognormal, Cauhy, Chi-Quad [TRUNCATED]
Flavors: r-devel-linux-x86_64-debian-clang, r-devel-linux-x86_64-debian-gcc