CRAN Package Check Results for Package rpinterest

Last updated on 2025-05-07 05:50:42 CEST.

Flavor Version Tinstall Tcheck Ttotal Status Flags
r-devel-linux-x86_64-debian-clang 0.3.1 2.20 18.02 20.22 NOTE
r-devel-linux-x86_64-debian-gcc 0.3.1 1.47 15.52 16.99 NOTE
r-devel-linux-x86_64-fedora-clang 0.3.1 31.70 OK
r-devel-linux-x86_64-fedora-gcc 0.3.1 31.29 OK
r-devel-windows-x86_64 0.3.1 3.00 40.00 43.00 OK
r-patched-linux-x86_64 0.3.1 2.07 17.32 19.39 OK
r-release-linux-x86_64 0.3.1 1.88 17.17 19.05 OK
r-release-macos-arm64 0.3.1 18.00 OK
r-release-macos-x86_64 0.3.1 27.00 OK
r-release-windows-x86_64 0.3.1 4.00 42.00 46.00 OK
r-oldrel-macos-arm64 0.3.1 15.00 NOTE
r-oldrel-macos-x86_64 0.3.1 22.00 NOTE
r-oldrel-windows-x86_64 0.3.1 4.00 47.00 51.00 NOTE

Check Details

Version: 0.3.1
Check: CRAN incoming feasibility
Result: NOTE Maintainer: ‘Colin FAY <contact@colinfay.me>’ No Authors@R field in DESCRIPTION. Please add one, modifying Authors@R: person(given = "Colin", family = "FAY", role = c("aut", "cre"), email = "contact@colinfay.me") as necessary. Flavors: r-devel-linux-x86_64-debian-clang, r-devel-linux-x86_64-debian-gcc

Version: 0.3.1
Check: LazyData
Result: NOTE 'LazyData' is specified without a 'data' directory Flavors: r-oldrel-macos-arm64, r-oldrel-macos-x86_64, r-oldrel-windows-x86_64