Last updated on 2025-05-08 05:51:59 CEST.
Flavor | Version | Tinstall | Tcheck | Ttotal | Status | Flags |
---|---|---|---|---|---|---|
r-devel-linux-x86_64-debian-clang | 1.2 | 6.31 | 36.96 | 43.27 | NOTE | |
r-devel-linux-x86_64-debian-gcc | 1.2 | 4.18 | 29.44 | 33.62 | NOTE | |
r-devel-linux-x86_64-fedora-clang | 1.2 | 61.97 | OK | |||
r-devel-linux-x86_64-fedora-gcc | 1.2 | 59.46 | OK | |||
r-devel-windows-x86_64 | 1.2 | 6.00 | 50.00 | 56.00 | OK | |
r-patched-linux-x86_64 | 1.2 | 5.83 | 35.29 | 41.12 | OK | |
r-release-linux-x86_64 | 1.2 | 5.89 | 36.05 | 41.94 | OK | |
r-release-macos-arm64 | 1.2 | 32.00 | OK | |||
r-release-macos-x86_64 | 1.2 | 83.00 | OK | |||
r-release-windows-x86_64 | 1.2 | 6.00 | 58.00 | 64.00 | OK | |
r-oldrel-macos-arm64 | 1.2 | 29.00 | NOTE | |||
r-oldrel-macos-x86_64 | 1.2 | 65.00 | NOTE | |||
r-oldrel-windows-x86_64 | 1.2 | 6.00 | 56.00 | 62.00 | NOTE |
Version: 1.2
Check: CRAN incoming feasibility
Result: NOTE
Maintainer: ‘Shruti Gupta <shrutigupta34@gmail.com>’
No Authors@R field in DESCRIPTION.
Please add one, modifying
Authors@R: c(person(given = "Shruti",
family = "Gupta",
role = c("aut", "cre"),
email = "shrutigupta34@gmail.com"),
person(given = "Coda",
family = "Hale"),
person(given = "Yammer",
family = "Inc.",
role = c("ctb", "cph")))
as necessary.
Flavors: r-devel-linux-x86_64-debian-clang, r-devel-linux-x86_64-debian-gcc
Version: 1.2
Check: installed package size
Result: NOTE
installed size is 12.1Mb
sub-directories of 1Mb or more:
java 12.0Mb
Flavors: r-oldrel-macos-arm64, r-oldrel-macos-x86_64, r-oldrel-windows-x86_64