Last updated on 2025-05-07 05:50:40 CEST.
Flavor | Version | Tinstall | Tcheck | Ttotal | Status | Flags |
---|---|---|---|---|---|---|
r-devel-linux-x86_64-debian-clang | 0.8.9 | 3.30 | 33.81 | 37.11 | NOTE | |
r-devel-linux-x86_64-debian-gcc | 0.8.9 | 2.52 | 25.92 | 28.44 | NOTE | |
r-devel-linux-x86_64-fedora-clang | 0.8.9 | 60.76 | NOTE | |||
r-devel-linux-x86_64-fedora-gcc | 0.8.9 | 54.91 | NOTE | |||
r-devel-windows-x86_64 | 0.8.9 | 5.00 | 58.00 | 63.00 | NOTE | |
r-patched-linux-x86_64 | 0.8.9 | 4.20 | 31.73 | 35.93 | NOTE | |
r-release-linux-x86_64 | 0.8.9 | 3.06 | 31.66 | 34.72 | NOTE | |
r-release-macos-arm64 | 0.8.9 | 23.00 | NOTE | |||
r-release-macos-x86_64 | 0.8.9 | 35.00 | NOTE | |||
r-release-windows-x86_64 | 0.8.9 | 4.00 | 61.00 | 65.00 | NOTE | |
r-oldrel-macos-arm64 | 0.8.9 | 27.00 | NOTE | |||
r-oldrel-macos-x86_64 | 0.8.9 | 29.00 | NOTE | |||
r-oldrel-windows-x86_64 | 0.8.9 | 6.00 | 67.00 | 73.00 | NOTE |
Version: 0.8.9
Check: CRAN incoming feasibility
Result: NOTE
Maintainer: ‘Hadley Wickham <hadley@rstudio.com>’
Package CITATION file contains call(s) to old-style citEntry(). Please
use bibentry() instead.
Flavors: r-devel-linux-x86_64-debian-clang, r-devel-linux-x86_64-debian-gcc
Version: 0.8.9
Check: Rd files
Result: NOTE
checkRd: (-1) as-data-frame-cast-df-v7.rd:3: Escaped LaTeX specials: \_
checkRd: (-1) as-data-frame-cast-matrix-59.rd:3: Escaped LaTeX specials: \_
checkRd: (-1) as-matrix-cast-df-bu.rd:3: Escaped LaTeX specials: \_
checkRd: (-1) as-matrix-cast-matrix-2y.rd:3: Escaped LaTeX specials: \_
checkRd: (-1) cast-9g.rd:19: Escaped LaTeX specials: \_ \_
checkRd: (-1) cast-9g.rd:41: Escaped LaTeX specials: \_
checkRd: (-1) cast-9g.rd:46: Escaped LaTeX specials: \_ \_
checkRd: (-1) clean-vars-rc.rd:13: Escaped LaTeX specials: \_
checkRd: (-1) expand-kx.rd:15: Escaped LaTeX specials: \_
checkRd: (-1) reshape-4u.rd:17: Escaped LaTeX specials: \_ \_
Flavors: r-devel-linux-x86_64-debian-clang, r-devel-linux-x86_64-debian-gcc, r-devel-linux-x86_64-fedora-clang, r-devel-linux-x86_64-fedora-gcc, r-devel-windows-x86_64, r-patched-linux-x86_64, r-release-linux-x86_64, r-release-macos-arm64, r-release-macos-x86_64, r-release-windows-x86_64, r-oldrel-macos-arm64, r-oldrel-macos-x86_64, r-oldrel-windows-x86_64