Last updated on 2025-05-07 05:50:40 CEST.
Flavor | Version | Tinstall | Tcheck | Ttotal | Status | Flags |
---|---|---|---|---|---|---|
r-devel-linux-x86_64-debian-clang | 0.1.0 | 3.46 | 33.89 | 37.35 | NOTE | |
r-devel-linux-x86_64-debian-gcc | 0.1.0 | 2.39 | 26.88 | 29.27 | NOTE | |
r-devel-linux-x86_64-fedora-clang | 0.1.0 | 58.95 | OK | |||
r-devel-linux-x86_64-fedora-gcc | 0.1.0 | 70.69 | OK | |||
r-devel-windows-x86_64 | 0.1.0 | 6.00 | 56.00 | 62.00 | OK | |
r-patched-linux-x86_64 | 0.1.0 | 3.80 | 32.57 | 36.37 | OK | |
r-release-linux-x86_64 | 0.1.0 | 3.21 | 32.25 | 35.46 | OK | |
r-release-macos-arm64 | 0.1.0 | 42.00 | OK | |||
r-release-macos-x86_64 | 0.1.0 | 54.00 | OK | |||
r-release-windows-x86_64 | 0.1.0 | 4.00 | 58.00 | 62.00 | OK | |
r-oldrel-macos-arm64 | 0.1.0 | 26.00 | OK | |||
r-oldrel-macos-x86_64 | 0.1.0 | 38.00 | OK | |||
r-oldrel-windows-x86_64 | 0.1.0 | 6.00 | 66.00 | 72.00 | OK |
Version: 0.1.0
Check: CRAN incoming feasibility
Result: NOTE
Maintainer: ‘Christopher Mann <cmann3@unl.edu>’
No Authors@R field in DESCRIPTION.
Please add one, modifying
Authors@R: person(given = "Christopher",
family = "Mann",
role = c("aut", "cre"),
email = "cmann3@unl.edu")
as necessary.
Flavors: r-devel-linux-x86_64-debian-clang, r-devel-linux-x86_64-debian-gcc